{"id":17475,"date":"2026-02-11T21:37:57","date_gmt":"2026-02-11T21:37:57","guid":{"rendered":"https:\/\/www.fceia.unr.edu.ar\/estudiantil\/?page_id=17475"},"modified":"2026-03-05T22:14:56","modified_gmt":"2026-03-05T22:14:56","slug":"horarios-tuia-1er-cuatrimestre-2026","status":"publish","type":"page","link":"https:\/\/www.fceia.unr.edu.ar\/estudiantil\/?page_id=17475","title":{"rendered":"Horarios TUIA &#8211; 1er semestre 2026"},"content":{"rendered":"<p><a name=\"principio_1\"><\/a><\/p>\n<h3>Horarios 1er cuatrimestre &#8211; 2026<\/h3>\n<ul>\n<li><a href=\"#rec_11\"><strong>Recursado 1er a\u00f1o<br \/>\n<\/strong><\/a><\/li>\n<li><a href=\"#com_11\"><strong>1er a\u00f1o comisi\u00f3n 1<br \/>\n<\/strong><\/a><\/li>\n<li><a href=\"#com_12\"><strong>1er a\u00f1o comisi\u00f3n 2<br \/>\n<\/strong><\/a><\/li>\n<li><a href=\"#com_13\"><strong>1er a\u00f1o comisi\u00f3n 3<br \/>\n<\/strong><\/a><\/li>\n<li><a href=\"#rec_21\"><strong>Recursado 2do a\u00f1o<br \/>\n<\/strong><\/a><\/li>\n<li><a href=\"#com_21\"><strong>2do a\u00f1o comisi\u00f3n 1<br \/>\n<\/strong><\/a><\/li>\n<li><a href=\"#com_22\"><strong>2do a\u00f1o comisi\u00f3n 2<br \/>\n<\/strong><\/a><\/li>\n<li><a href=\"#com_3\"><strong>3er a\u00f1o<br \/>\n<\/strong><\/a><\/li>\n<\/ul>\n<p><a name=\"rec_11\"><\/a><\/p>\n<h3>Recursado R11<\/h3>\n<table class=\"table1\" style=\"outline-color: navy; outline-width: 2px;\">\n<thead>\n<tr>\n<th><b>\u00a0<\/b><\/th>\n<th colspan=\"1\" rowspan=\"1\">Lunes<\/th>\n<th>Martes<\/th>\n<th>Mi\u00e9rcoles<\/th>\n<th>Jueves<\/th>\n<th>Viernes<\/th>\n<\/tr>\n<\/thead>\n<tbody>\n<tr>\n<th>18:00<\/th>\n<td class=\"mat_9\" colspan=\"1\" rowspan=\"6\">C\u00e1lculo<br \/>\n<b> \u00a0 <\/b><br \/>\nAula: 24 Pell.<\/td>\n<td class=\"mat_3\" colspan=\"1\" rowspan=\"6\">\u00c1lgebra<br \/>\n<b> \u00a0 <\/b><br \/>\nAula: 31 Pell.<\/td>\n<td class=\"mat_5 virtual\" colspan=\"1\" rowspan=\"6\">Introducci\u00f3n<br \/>\na la Inteligencia<br \/>\nArtificial<br \/>\n<b> \u00a0 <\/b><br \/>\nVirtual<\/td>\n<td class=\"mat_3 virtual\" colspan=\"1\" rowspan=\"6\">\u00c1lgebra<br \/>\n<b> \u00a0 <\/b><br \/>\nVirtual<\/td>\n<td class=\"mat_4\" colspan=\"1\" rowspan=\"9\">Programaci\u00f3n II<br \/>\n<b><br \/>\n<\/b>Aula: Lab. 2do piso Pell.<\/td>\n<\/tr>\n<tr>\n<th><b>\u00a0<\/b><\/th>\n<\/tr>\n<tr>\n<th><b>\u00a0<\/b><\/th>\n<\/tr>\n<tr>\n<th><b>\u00a0<\/b><\/th>\n<\/tr>\n<tr>\n<th><b>\u00a0<\/b><\/th>\n<\/tr>\n<tr>\n<th><b> 20:00<\/b><\/th>\n<\/tr>\n<tr>\n<th><b>\u00a0<\/b><\/th>\n<td class=\"mat_10\" colspan=\"1\" rowspan=\"7\">Base de<br \/>\nDatos\u00a0 I<br \/>\n<b> \u00a0 <\/b><br \/>\nAula: Lab. B\u00e1sica<br \/>\n13 Pell.<\/td>\n<td class=\"mat_4\" style=\"vertical-align: middle;\" colspan=\"1\" rowspan=\"7\">Programaci\u00f3n II<br \/>\n<b> \u00a0 <\/b><br \/>\nAula: Lab. B\u00e1sica<br \/>\n31 Pell.<\/td>\n<td class=\"mat_10 virtual\" colspan=\"1\" rowspan=\"7\">Base de<br \/>\nDatos\u00a0 I<br \/>\n<b> \u00a0 <\/b><br \/>\nVirtual<\/td>\n<td class=\"mat_1 virtual\" style=\"vertical-align: middle;\" colspan=\"1\" rowspan=\"7\">C\u00e1lculo<br \/>\n<b> \u00a0 <\/b><br \/>\nVirtual<\/td>\n<\/tr>\n<tr>\n<th><b>\u00a0<\/b><\/th>\n<\/tr>\n<tr>\n<th><b>21:00\u00a0<\/b><\/th>\n<\/tr>\n<tr>\n<th><b>\u00a0<\/b><\/th>\n<td><\/td>\n<\/tr>\n<tr>\n<th><b>\u00a0<\/b><\/th>\n<td rowspan=\"1\"><\/td>\n<\/tr>\n<tr>\n<th><b>\u00a0<\/b><\/th>\n<td rowspan=\"1\"><\/td>\n<\/tr>\n<tr>\n<th><b> 22:00<\/b><\/th>\n<td><\/td>\n<\/tr>\n<\/tbody>\n<\/table>\n<p><strong><a href=\"#principio_1\">Volver al principio<\/a><\/strong><\/p>\n<p><a name=\"com_11\"><\/a><\/p>\n<h3>1er a\u00f1o &#8211; Comisi\u00f3n 1<\/h3>\n<table class=\"table1\">\n<thead>\n<tr>\n<th><b>\u00a0<\/b><\/th>\n<th>Lunes<\/th>\n<th>Martes<\/th>\n<th>Mi\u00e9rcoles<\/th>\n<th>Jueves<\/th>\n<th>Viernes<\/th>\n<\/tr>\n<\/thead>\n<tbody>\n<tr>\n<th>17:00<\/th>\n<td class=\"mat_9\" colspan=\"1\" rowspan=\"8\">Introducci\u00f3n<br \/>\na la<br \/>\nMatem\u00e1tica<br \/>\n<b>\u00a0<\/b><br \/>\nAula: 01 Pell.<\/td>\n<td class=\"\" rowspan=\"1\"><\/td>\n<td class=\"mat_9\" colspan=\"1\" rowspan=\"8\">Introducci\u00f3n<br \/>\na la<br \/>\nMatem\u00e1tica<br \/>\n<b>\u00a0<\/b><br \/>\nAula: 16 Pell.<\/td>\n<td colspan=\"1\" rowspan=\"1\"><\/td>\n<td class=\"mat_7\" rowspan=\"6\">Ingles<br \/>\n<b>\u00a0<\/b><br \/>\nAula: 01 Pell.<\/td>\n<\/tr>\n<tr>\n<th><b>\u00a0<\/b><\/th>\n<td rowspan=\"1\"><\/td>\n<td rowspan=\"1\"><\/td>\n<\/tr>\n<tr>\n<th><b>\u00a0<\/b><\/th>\n<td rowspan=\"1\"><\/td>\n<td><\/td>\n<\/tr>\n<tr>\n<th><b>\u00a018:00<\/b><\/th>\n<td class=\"mat_2 virtual\" style=\"vertical-align: middle;\" colspan=\"1\" rowspan=\"5\">Entorno de<br \/>\nProgramaci\u00f3n<br \/>\n<b>\u00a0<\/b><br \/>\nVirtual<\/td>\n<td class=\"mat_4\" rowspan=\"11\">Programaci\u00f3n I<br \/>\n<b>\u00a0<\/b><br \/>\nAula: Lab. 1er piso<br \/>\n14 Pell.<\/td>\n<\/tr>\n<tr>\n<th><b>\u00a0<\/b><\/th>\n<\/tr>\n<tr>\n<th><b>\u00a019:00<\/b><\/th>\n<\/tr>\n<tr>\n<th><b>\u00a0<\/b><\/th>\n<td class=\"mat_2\" rowspan=\"8\">Entorno de<br \/>\nProgramaci\u00f3n<br \/>\n<b>\u00a0<\/b><br \/>\nAula: lab. 1er piso<br \/>\n29 Pell.<\/td>\n<\/tr>\n<tr>\n<th><b>\u00a0<\/b><\/th>\n<\/tr>\n<tr>\n<th><b>20:00\u00a0<\/b><\/th>\n<td class=\"mat_17\" style=\"vertical-align: middle;\" colspan=\"1\" rowspan=\"6\">L\u00f3gica<br \/>\n<b>\u00a0<\/b><br \/>\nAula: 04 Pell.<\/td>\n<td class=\"mat_7 virtual\" style=\"vertical-align: middle;\" colspan=\"1\" rowspan=\"6\">Ingles<br \/>\n<b>\u00a0<\/b><br \/>\nVirtual<\/td>\n<td style=\"vertical-align: middle;\" colspan=\"1\" rowspan=\"1\"><\/td>\n<\/tr>\n<tr>\n<th><b>\u00a0<\/b><\/th>\n<td rowspan=\"1\"><\/td>\n<\/tr>\n<tr>\n<th><b>\u00a0<\/b><\/th>\n<td rowspan=\"1\"><\/td>\n<\/tr>\n<tr>\n<th><b>21:00<\/b><\/th>\n<td class=\"mat_17 virtual\" style=\"vertical-align: middle;\" colspan=\"1\" rowspan=\"6\">L\u00f3gica<br \/>\n<b>\u00a0<\/b><br \/>\nVirtual<\/td>\n<\/tr>\n<tr>\n<th><b>\u00a0<\/b><\/th>\n<\/tr>\n<tr>\n<th>22:00<\/th>\n<\/tr>\n<tr>\n<th><b>\u00a0<\/b><\/th>\n<td><b>\u00a0<\/b><\/td>\n<td><b>\u00a0<\/b><\/td>\n<td><b>\u00a0<\/b><\/td>\n<td><b>\u00a0<\/b><\/td>\n<\/tr>\n<tr>\n<th><b>\u00a0<\/b><\/th>\n<td><\/td>\n<td><\/td>\n<td><\/td>\n<td><\/td>\n<\/tr>\n<tr>\n<th>23:00<\/th>\n<td><b>\u00a0<\/b><\/td>\n<td><b>\u00a0<\/b><\/td>\n<td><b>\u00a0<\/b><\/td>\n<td><b>\u00a0<\/b><\/td>\n<\/tr>\n<\/tbody>\n<\/table>\n<p><strong><a href=\"#principio_1\">Volver al principio<\/a><\/strong><\/p>\n<p><a name=\"com_12\"><\/a><\/p>\n<h3>1er a\u00f1o &#8211; Comisi\u00f3n 2<\/h3>\n<table class=\"table1\">\n<thead>\n<tr>\n<th><b>\u00a0<\/b><\/th>\n<th>Lunes<\/th>\n<th>Martes<\/th>\n<th>Mi\u00e9rcoles<\/th>\n<th>Jueves<\/th>\n<th>Viernes<\/th>\n<\/tr>\n<\/thead>\n<tbody>\n<tr>\n<th>15:00<\/th>\n<td class=\"mat_9\" colspan=\"1\" rowspan=\"9\">Introducci\u00f3n<br \/>\na la<br \/>\nMatem\u00e1tica<br \/>\n<b>\u00a0<\/b><br \/>\nAula: 27 Pell.<b><\/b><\/td>\n<td class=\"mat_17\" colspan=\"1\" rowspan=\"6\">L\u00f3gica<br \/>\n<b>\u00a0<\/b><br \/>\nAula: 28 Pell.<\/td>\n<td class=\"mat_17 virtual\" colspan=\"1\" rowspan=\"6\">L\u00f3gica<br \/>\n<b>\u00a0<\/b><br \/>\nVirtual<\/td>\n<td class=\"mat_9\" colspan=\"1\" rowspan=\"9\"><b><\/b>Introducci\u00f3n<br \/>\na la<br \/>\nMatem\u00e1tica<br \/>\n<b>\u00a0<\/b><br \/>\nAula: 29 Pell.<\/td>\n<td class=\"mat_4\" rowspan=\"12\">Programaci\u00f3n I<br \/>\n<b>\u00a0<\/b><br \/>\nAula: Lab. 1er piso<br \/>\n04 Pell.<\/td>\n<\/tr>\n<tr>\n<th><b>\u00a0<\/b><\/th>\n<\/tr>\n<tr>\n<th><b>\u00a0<\/b><\/th>\n<\/tr>\n<tr>\n<th><b>16:00\u00a0<\/b><\/th>\n<\/tr>\n<tr>\n<th><b>\u00a0<\/b><\/th>\n<\/tr>\n<tr>\n<th><b>\u00a0<\/b><\/th>\n<\/tr>\n<tr>\n<th><b>17:00\u00a0<\/b><\/th>\n<td class=\"mat_2\" style=\"vertical-align: middle;\" colspan=\"1\" rowspan=\"9\">Entorno de<br \/>\nProgramaci\u00f3n<br \/>\n<b>\u00a0<\/b><br \/>\nAula: Lab. 2do piso<br \/>\n28 Pell.<\/td>\n<td class=\"mat_2 virtual\" rowspan=\"6\">Entorno de<br \/>\nProgramaci\u00f3n<br \/>\n<b>\u00a0<\/b><br \/>\nVirtual<\/td>\n<\/tr>\n<tr>\n<th><b>\u00a0<\/b><\/th>\n<\/tr>\n<tr>\n<th><b>18:00<\/b><\/th>\n<\/tr>\n<tr>\n<th><b>\u00a0<\/b><\/th>\n<td class=\"mat_7\" colspan=\"1\" rowspan=\"6\">Ingles<br \/>\n<b>\u00a0<\/b><br \/>\nAula: 27 Pell.<\/td>\n<td class=\"\" colspan=\"1\" rowspan=\"1\"><\/td>\n<\/tr>\n<tr>\n<th><b>\u00a0<\/b><\/th>\n<td rowspan=\"1\"><\/td>\n<\/tr>\n<tr>\n<th><b>\u00a0<\/b><\/th>\n<td rowspan=\"1\"><\/td>\n<\/tr>\n<tr>\n<th><b>19:00\u00a0<\/b><\/th>\n<td class=\"mat_7 virtual\" colspan=\"1\" rowspan=\"6\">Ingles<br \/>\n<b>\u00a0<\/b><br \/>\nVirtual<\/td>\n<td rowspan=\"1\"><\/td>\n<td colspan=\"1\" rowspan=\"1\"><\/td>\n<\/tr>\n<tr>\n<th><b>\u00a0<\/b><\/th>\n<td rowspan=\"1\"><\/td>\n<td rowspan=\"1\"><\/td>\n<\/tr>\n<tr>\n<th><b>\u00a020:00<\/b><\/th>\n<td><\/td>\n<td><\/td>\n<\/tr>\n<tr>\n<th><b>\u00a0<\/b><\/th>\n<td rowspan=\"1\"><\/td>\n<td><\/td>\n<td><\/td>\n<td><\/td>\n<\/tr>\n<tr>\n<th><b>\u00a0<\/b><\/th>\n<td rowspan=\"1\"><\/td>\n<td><\/td>\n<td><\/td>\n<td><\/td>\n<\/tr>\n<tr>\n<th>21:00<\/th>\n<td><b>\u00a0<\/b><\/td>\n<td><\/td>\n<td><\/td>\n<td><\/td>\n<\/tr>\n<\/tbody>\n<\/table>\n<p><strong><a href=\"#principio_1\">Volver al principio<\/a><\/strong><\/p>\n<p><a name=\"com_13\"><\/a><\/p>\n<h3>1er a\u00f1o &#8211; Comisi\u00f3n 3<\/h3>\n<table class=\"table1\">\n<thead>\n<tr>\n<th><b>\u00a0<\/b><\/th>\n<th colspan=\"2\" rowspan=\"1\">Lunes<\/th>\n<th colspan=\"2\" rowspan=\"1\">Martes<\/th>\n<th>Mi\u00e9rcoles<\/th>\n<th>Jueves<\/th>\n<th>Viernes<\/th>\n<\/tr>\n<\/thead>\n<tbody>\n<tr>\n<th>17:00<\/th>\n<td><\/td>\n<td class=\"mat_9\" style=\"vertical-align: middle;\" colspan=\"1\" rowspan=\"10\">Introducci\u00f3n<br \/>\na la<br \/>\nMatem\u00e1tica<br \/>\n<b>\u00a0<\/b><br \/>\nAula: 04 Pell.<\/td>\n<td><\/td>\n<td class=\"mat_9\" style=\"vertical-align: middle;\" colspan=\"1\" rowspan=\"10\">Introducci\u00f3n<br \/>\na la<br \/>\nMatem\u00e1tica<br \/>\n<b>\u00a0<\/b><br \/>\nAula: 29 Pell.<\/td>\n<td><\/td>\n<td style=\"vertical-align: middle;\" colspan=\"1\" rowspan=\"1\"><\/td>\n<td><\/td>\n<\/tr>\n<tr>\n<th><b>\u00a0<\/b><\/th>\n<td><\/td>\n<td><\/td>\n<td><\/td>\n<td rowspan=\"1\"><\/td>\n<td><\/td>\n<\/tr>\n<tr>\n<th><b>\u00a0<\/b><\/th>\n<td><\/td>\n<td><\/td>\n<td><\/td>\n<td><\/td>\n<td><\/td>\n<\/tr>\n<tr>\n<th>18:00<\/th>\n<td class=\"mat_1\" colspan=\"1\" rowspan=\"7\">Matem\u00e1tica<br \/>\n<b>\u00a0<\/b><br \/>\nAula: 17 Pell.<\/td>\n<td class=\"mat_1 virtual\" colspan=\"1\" rowspan=\"10\">Matem\u00e1tica<br \/>\n<b>\u00a0<\/b><br \/>\nVirtual<\/td>\n<td class=\"mat_17\" rowspan=\"7\">L\u00f3gica<br \/>\n<b>\u00a0<\/b><br \/>\nAula: 28 Pell.<\/td>\n<td class=\"mat_4\" rowspan=\"13\">Programaci\u00f3n I<br \/>\n<b>\u00a0<\/b><br \/>\nAula: Lab. 2do piso<br \/>\n29 Pell.<\/td>\n<td class=\"mat_2 virtual\" rowspan=\"7\">Entorno de<br \/>\nProgramaci\u00f3n<br \/>\n<b>\u00a0<\/b><br \/>\nVirtual<\/td>\n<\/tr>\n<tr>\n<th><b>\u00a0<\/b><\/th>\n<\/tr>\n<tr>\n<th><b>\u00a0<\/b><\/th>\n<\/tr>\n<tr>\n<th><b>\u00a0<\/b><\/th>\n<\/tr>\n<tr>\n<th><b>\u00a0<\/b><\/th>\n<\/tr>\n<tr>\n<th><b>\u00a0<\/b><\/th>\n<\/tr>\n<tr>\n<th><b>\u00a020:00<\/b><\/th>\n<\/tr>\n<tr>\n<th><b>\u00a0<\/b><\/th>\n<td class=\"mat_7\" style=\"vertical-align: middle;\" colspan=\"2\" rowspan=\"6\">Ingles<br \/>\n<b>\u00a0<\/b><br \/>\nAula: 17 Pell.<\/td>\n<td style=\"vertical-align: top;\"><\/td>\n<td class=\"mat_2\" colspan=\"1\" rowspan=\"9\">Entorno de<br \/>\nProgramaci\u00f3n<br \/>\n<b>\u00a0<\/b><br \/>\nAula: Lab 1er piso<br \/>\n28 Pell.<\/td>\n<td class=\"mat_17 virtual\" rowspan=\"6\">L\u00f3gica<br \/>\n<b>\u00a0<\/b><br \/>\nVirtual<\/td>\n<\/tr>\n<tr>\n<th><b>\u00a0<\/b><\/th>\n<td style=\"vertical-align: top;\"><\/td>\n<\/tr>\n<tr>\n<th><b>\u00a021:00<\/b><\/th>\n<td style=\"vertical-align: top;\"><\/td>\n<\/tr>\n<tr>\n<th><b>\u00a0<\/b><\/th>\n<td class=\"mat_7 virtual\" style=\"vertical-align: middle;\" colspan=\"2\" rowspan=\"6\">Ingles<br \/>\n<b>\u00a0<\/b><br \/>\nVirtual<\/td>\n<\/tr>\n<tr>\n<th><b>\u00a0<\/b><\/th>\n<\/tr>\n<tr>\n<th><b>\u00a022:00<\/b><\/th>\n<\/tr>\n<tr>\n<th><b>\u00a0<\/b><\/th>\n<td colspan=\"2\" rowspan=\"1\"><\/td>\n<td><\/td>\n<td><\/td>\n<\/tr>\n<tr>\n<th><b>\u00a0<\/b><\/th>\n<td colspan=\"2\" rowspan=\"1\"><\/td>\n<td><\/td>\n<td><\/td>\n<\/tr>\n<tr>\n<th>23:00<\/th>\n<td colspan=\"2\" rowspan=\"1\"><\/td>\n<td><\/td>\n<td><\/td>\n<\/tr>\n<\/tbody>\n<\/table>\n<p><strong><br \/>\n<a href=\"#principio_1\">Volver al principio<\/a><\/strong><\/p>\n<h3><a name=\"rec_21\"><\/a><\/h3>\n<h3>Recursado 2do a\u00f1o<\/h3>\n<table class=\"table1\">\n<thead>\n<tr>\n<th><b>\u00a0<\/b><\/th>\n<th>Lunes<\/th>\n<th>Martes<\/th>\n<th>Mi\u00e9rcoles<\/th>\n<th>Jueves<\/th>\n<th>Viernes<\/th>\n<\/tr>\n<\/thead>\n<tbody>\n<tr>\n<th><b>\u00a018:00<\/b><\/th>\n<td class=\"mat_21 virtual\" rowspan=\"6\">Aprendizaje<br \/>\nAutom\u00e1tico I<br \/>\n<b>\u00a0<\/b><br \/>\nVirtual<\/td>\n<td class=\"mat_16 virtual\" colspan=\"1\" rowspan=\"7\">Procesamiento<br \/>\ndel<br \/>\nLenguaje Natural<br \/>\n<b>\u00a0<\/b><br \/>\nVirtual<\/td>\n<td class=\"mat_22\" style=\"vertical-align: middle;\" rowspan=\"6\">Procesamiento<br \/>\nde<br \/>\nImagenes I<br \/>\n<b>\u00a0<\/b><br \/>\nAula: Lab. TUIA<br \/>\nIMAE CUR<\/td>\n<td class=\"mat_16\" rowspan=\"6\">Procesamiento del<br \/>\nLenguaje Natural<br \/>\n<b>\u00a0<\/b><br \/>\nAula: Lab. DE-SIRE<br \/>\nPell.<\/td>\n<td rowspan=\"1\"><\/td>\n<\/tr>\n<tr>\n<th><b>\u00a0<\/b><\/th>\n<td rowspan=\"1\"><\/td>\n<\/tr>\n<tr>\n<th><b>\u00a0<\/b><\/th>\n<td rowspan=\"1\"><\/td>\n<\/tr>\n<tr>\n<th><b>\u00a0<\/b><\/th>\n<td rowspan=\"1\"><\/td>\n<\/tr>\n<tr>\n<th><b>\u00a0<\/b><\/th>\n<td rowspan=\"1\"><\/td>\n<\/tr>\n<tr>\n<th><b>\u00a020:00<\/b><\/th>\n<td><b>\u00a0<\/b><\/td>\n<\/tr>\n<tr>\n<th><b>\u00a0<\/b><\/th>\n<td class=\"mat_25 virtual\" rowspan=\"6\">Miner\u00eda de<br \/>\nDatos<br \/>\n<b>\u00a0<\/b><br \/>\nVirtual<\/td>\n<td class=\"mat_25\" colspan=\"1\" rowspan=\"6\">Miner\u00eda de<br \/>\nDatos<br \/>\n<b>\u00a0<\/b><br \/>\nAula: Lab. TUIA<br \/>\nIMAE CUR<\/td>\n<td class=\"mat_21\" rowspan=\"6\">Aprendizaje<br \/>\nAutom\u00e1tico I<br \/>\n<b>\u00a0<\/b><br \/>\nAula: Lab. DE-SIRE<br \/>\nPell.<\/td>\n<td rowspan=\"1\"><\/td>\n<\/tr>\n<tr>\n<th><b>\u00a020:30<\/b><\/th>\n<td class=\"mat_22 virtual\" style=\"vertical-align: middle;\" colspan=\"1\" rowspan=\"7\">Procesamiento de<br \/>\nImagenes I<br \/>\n<b>\u00a0<\/b><br \/>\nVirtual<\/td>\n<td rowspan=\"1\"><\/td>\n<\/tr>\n<tr>\n<th><b>\u00a0<\/b><\/th>\n<td rowspan=\"1\"><\/td>\n<\/tr>\n<tr>\n<th><b>\u00a0<\/b><\/th>\n<td rowspan=\"1\"><\/td>\n<\/tr>\n<tr>\n<th><b>\u00a0<\/b><\/th>\n<td rowspan=\"1\"><\/td>\n<\/tr>\n<tr>\n<th><b>\u00a022:00<\/b><\/th>\n<td><b>\u00a0<\/b><\/td>\n<\/tr>\n<tr>\n<th style=\"vertical-align: top;\"><b>\u00a0<\/b><\/th>\n<td style=\"vertical-align: top;\"><\/td>\n<td style=\"vertical-align: top;\"><\/td>\n<td style=\"vertical-align: top;\"><\/td>\n<td style=\"vertical-align: top;\"><\/td>\n<\/tr>\n<tr>\n<th style=\"vertical-align: top;\">22:30<\/th>\n<td style=\"vertical-align: top;\"><\/td>\n<td style=\"vertical-align: top;\"><\/td>\n<td style=\"vertical-align: top;\"><\/td>\n<td style=\"vertical-align: top;\"><\/td>\n<\/tr>\n<\/tbody>\n<\/table>\n<p><strong><br \/>\n<a href=\"#principio_1\">Volver al principio<\/a><\/strong><\/p>\n<h3><a name=\"com_21\"><\/a><\/h3>\n<h3>2do a\u00f1o &#8211; Comisi\u00f3n 1<\/h3>\n<table class=\"table1\">\n<thead>\n<tr>\n<th><b>\u00a0<\/b><\/th>\n<th>Lunes<\/th>\n<th>Martes<\/th>\n<th>Mi\u00e9rcoles<\/th>\n<th>Jueves<\/th>\n<th>Viernes<\/th>\n<\/tr>\n<\/thead>\n<tbody>\n<tr>\n<th><b>17:00<\/b><\/th>\n<td><\/td>\n<td rowspan=\"1\"><\/td>\n<td><\/td>\n<td><\/td>\n<td class=\"mat_24\" style=\"vertical-align: middle;\" colspan=\"1\" rowspan=\"7\">Fundamentos<br \/>\nde Ciencia<br \/>\nde Datos<br \/>\n<b>\u00a0<\/b><br \/>\nAula: Lab. TUIA CUR<\/td>\n<\/tr>\n<tr>\n<th><b>\u00a0<\/b><\/th>\n<td><\/td>\n<td rowspan=\"1\"><\/td>\n<td><\/td>\n<td><\/td>\n<\/tr>\n<tr>\n<th><b>17:30\u00a0<\/b><\/th>\n<td class=\"mat_18\" colspan=\"1\" rowspan=\"12\">Redes de<br \/>\nDatos<br \/>\n<b>\u00a0<\/b><br \/>\nAula: Lab. TUIA &#8211;<br \/>\nE08 ETA CUR<\/td>\n<td rowspan=\"1\"><\/td>\n<td class=\"mat_7 virtual\" colspan=\"1\" rowspan=\"8\">Probabilidad y<br \/>\nEstad\u00edstica<br \/>\n<b>\u00a0<\/b><br \/>\nVirtual<\/td>\n<td><\/td>\n<\/tr>\n<tr>\n<th><b>\u00a0<\/b><\/th>\n<td><b>\u00a0<\/b><\/td>\n<td><b>\u00a0<\/b><\/td>\n<\/tr>\n<tr>\n<th>18:00<\/th>\n<td class=\"mat_24 virtual\" style=\"vertical-align: middle;\" colspan=\"1\" rowspan=\"6\">Fundamentos<br \/>\nde Ciencia<br \/>\nde Datos<br \/>\n<b>\u00a0<\/b><br \/>\nVirtual<\/td>\n<td class=\"mat_4\" rowspan=\"6\">Programaci\u00f3n III<br \/>\n<b>\u00a0<\/b><br \/>\nAula: Lab. TUIA ETA<br \/>\n04 CIV-ECA CUR<\/td>\n<\/tr>\n<tr>\n<th><b>\u00a0<\/b><\/th>\n<\/tr>\n<tr>\n<th><b>\u00a0<\/b><\/th>\n<\/tr>\n<tr>\n<th><b>19:00<\/b><b><br \/>\n<\/b><\/th>\n<td class=\"mat_10\" style=\"vertical-align: middle;\" colspan=\"1\" rowspan=\"6\">Bases de<br \/>\nDatos II<br \/>\n<b>\u00a0<\/b><br \/>\nAula: Lab. TUIA CUR<\/td>\n<\/tr>\n<tr>\n<th><b>\u00a0<\/b><\/th>\n<\/tr>\n<tr>\n<th>20:00<\/th>\n<\/tr>\n<tr>\n<th><b>\u00a0<\/b><\/th>\n<td class=\"mat_10 virtual\" style=\"vertical-align: middle;\" colspan=\"1\" rowspan=\"6\">Bases de<br \/>\nDatos II<br \/>\n<b>\u00a0<\/b><br \/>\nVirtual<\/td>\n<td class=\"mat_4 virtual\" colspan=\"1\" rowspan=\"6\">Programaci\u00f3n III<br \/>\n<b>\u00a0<\/b><br \/>\nVirtual<\/td>\n<td class=\"mat_15\" rowspan=\"6\">Probabilidad y<br \/>\nEstad\u00edstica<br \/>\n<b>\u00a0<\/b><br \/>\nAula: Lab. TUIA ETA<br \/>\n04 CIV-ECA CUR<\/td>\n<\/tr>\n<tr>\n<th><b>\u00a0<\/b><\/th>\n<\/tr>\n<tr>\n<th><b>21:00\u00a0<\/b><\/th>\n<\/tr>\n<tr>\n<th><b>21:30<\/b><\/th>\n<td><\/td>\n<\/tr>\n<tr>\n<th><b>\u00a0<\/b><\/th>\n<td rowspan=\"1\"><\/td>\n<td><\/td>\n<\/tr>\n<tr>\n<th>22:00<\/th>\n<td><\/td>\n<td><\/td>\n<\/tr>\n<\/tbody>\n<\/table>\n<p><strong><br \/>\n<a href=\"#principio_1\">Volver al principio<\/a><\/strong><\/p>\n<h3><a name=\"com_22\"><\/a><\/h3>\n<h3>2do a\u00f1o &#8211; Comisi\u00f3n 2<\/h3>\n<table class=\"table1\">\n<thead>\n<tr>\n<th><b>\u00a0<\/b><\/th>\n<th>Lunes<\/th>\n<th>Martes<\/th>\n<th>Mi\u00e9rcoles<\/th>\n<th>Jueves<\/th>\n<th>Viernes<\/th>\n<\/tr>\n<\/thead>\n<tbody>\n<tr>\n<th>17:30<\/th>\n<td><\/td>\n<td><\/td>\n<td class=\"mat_7 virtual\" style=\"vertical-align: middle;\" colspan=\"1\" rowspan=\"8\">Probabilidad y<br \/>\nEstad\u00edstica<br \/>\n<b>\u00a0<\/b><br \/>\nVirtual<\/td>\n<td><\/td>\n<td><\/td>\n<\/tr>\n<tr>\n<th><b>\u00a0<\/b><\/th>\n<td><\/td>\n<td><\/td>\n<td><\/td>\n<td><\/td>\n<\/tr>\n<tr>\n<th><b>\u00a018:00<\/b><\/th>\n<td class=\"mat_24\" rowspan=\"6\">Fundamentos<br \/>\nde Ciencia<br \/>\nde Datos<br \/>\n<b>\u00a0<\/b><br \/>\nAula: Lab. 2do piso<br \/>\nPell.<\/td>\n<td class=\"mat_18\" rowspan=\"12\">Redes de<br \/>\nDatos<br \/>\n<b>\u00a0<\/b><br \/>\nAula: Lab. TUIA ETA<br \/>\n03 CIV-ECA CUR<\/td>\n<td class=\"mat_4\" rowspan=\"6\">Programaci\u00f3n III<br \/>\n<b>\u00a0<\/b><br \/>\nAula: Lab. TUIA ETA<br \/>\n04 CIV-ECA CUR<\/td>\n<td class=\"mat_24 virtual\" rowspan=\"6\">Fundamentos<br \/>\nde Ciencia<br \/>\nde Datos<br \/>\n<b>\u00a0<\/b><br \/>\nVirtual<\/td>\n<\/tr>\n<tr>\n<th><b>\u00a0<\/b><\/th>\n<\/tr>\n<tr>\n<th><b>\u00a0<\/b><\/th>\n<\/tr>\n<tr>\n<th><b>\u00a0<\/b><\/th>\n<\/tr>\n<tr>\n<th><b>\u00a0<\/b><\/th>\n<\/tr>\n<tr>\n<th><b>\u00a020:00<\/b><\/th>\n<\/tr>\n<tr>\n<th><b>\u00a0<\/b><\/th>\n<td class=\"mat_10\" rowspan=\"6\">Bases de<br \/>\nDatos II<br \/>\n<b>\u00a0<\/b><br \/>\nAula: Lab. 2do piso<br \/>\nPell.<\/td>\n<td class=\"mat_4 virtual\" colspan=\"1\" rowspan=\"6\">Programaci\u00f3n III<br \/>\n<b>\u00a0<\/b><br \/>\nVirtual<\/td>\n<td class=\"mat_15\" rowspan=\"6\">Probabilidad y<br \/>\nEstad\u00edstica<br \/>\n<b>\u00a0<\/b><br \/>\nAula: Lab. TUIA ETA<br \/>\n04 CIV-ECA CUR<\/td>\n<td class=\"mat_10 virtual\" rowspan=\"6\">Bases de<br \/>\nDatos II<br \/>\n<b>\u00a0<\/b><br \/>\nVirtual<\/td>\n<\/tr>\n<tr>\n<th><b>\u00a0<\/b><\/th>\n<\/tr>\n<tr>\n<th><b>\u00a0<\/b><\/th>\n<\/tr>\n<tr>\n<th><b>\u00a0<\/b><\/th>\n<\/tr>\n<tr>\n<th><b>\u00a0<\/b><\/th>\n<\/tr>\n<tr>\n<th><b>\u00a022:00<\/b><\/th>\n<\/tr>\n<\/tbody>\n<\/table>\n<p><strong><a href=\"#principio_1\">Volver al principio<\/a><\/strong><\/p>\n<h3><a name=\"com_3\"><\/a><\/h3>\n<h3>3er a\u00f1o &#8211; 5to cuatrimestre<\/h3>\n<table class=\"table1\">\n<thead>\n<tr>\n<th><b>\u00a0<\/b><\/th>\n<th>Lunes<\/th>\n<th>Martes<\/th>\n<th>Mi\u00e9rcoles<\/th>\n<th>Jueves<\/th>\n<th>Viernes<\/th>\n<\/tr>\n<\/thead>\n<tbody>\n<tr>\n<th style=\"vertical-align: middle;\">17:30<\/th>\n<td><\/td>\n<td><\/td>\n<td class=\"mat_14\" style=\"vertical-align: middle;\" colspan=\"1\" rowspan=\"6\">Taller Para<br \/>\nel Desarrollo<br \/>\nEmprendedor y<br \/>\nProyecci\u00f3n de<br \/>\nEmprendimientos<br \/>\n<b>\u00a0<\/b><br \/>\nAula:<\/td>\n<td><\/td>\n<td><\/td>\n<\/tr>\n<tr>\n<th><b>\u00a018:00<\/b><\/th>\n<td class=\"mat_21 virtual\" rowspan=\"6\">Aprendizaje<br \/>\nAutom\u00e1tico II<br \/>\n<b>\u00a0<\/b><br \/>\nVirtual<\/td>\n<td class=\"mat_21 virtual\" colspan=\"1\" rowspan=\"6\">Aprendizaje<br \/>\nAutom\u00e1tico II<br \/>\n<b>\u00a0<\/b><br \/>\nVirtual<\/td>\n<td class=\"mat_1\" rowspan=\"6\">Modelado y<br \/>\nSimulaci\u00f3n<br \/>\n<b>\u00a0<\/b><br \/>\nAula: Lab. B\u00e1sica<br \/>\nPell.<\/td>\n<td class=\"\" colspan=\"1\" rowspan=\"1\"><\/td>\n<\/tr>\n<tr>\n<th><b>\u00a0<\/b><\/th>\n<td style=\"vertical-align: top;\" rowspan=\"1\"><\/td>\n<\/tr>\n<tr>\n<th><b>\u00a018:30<\/b><\/th>\n<td class=\"mat_20\" style=\"vertical-align: middle;\" colspan=\"1\" rowspan=\"6\">Responsabilidad Social<br \/>\ny Factor Humano<br \/>\n<b>\u00a0<\/b><br \/>\nAula: 22 Pell.<\/td>\n<\/tr>\n<tr>\n<th><b>\u00a0<\/b><\/th>\n<\/tr>\n<tr>\n<th><b>19:30\u00a0<\/b><\/th>\n<\/tr>\n<tr>\n<th><b>\u00a020:00<\/b><\/th>\n<td><b>\u00a0<\/b><\/td>\n<\/tr>\n<tr>\n<th><b>\u00a0<\/b><\/th>\n<td class=\"mat_8 virtual\" rowspan=\"6\">Computer<br \/>\nVisi\u00f3n<br \/>\n<b>\u00a0<\/b><br \/>\nVirtual<\/td>\n<td class=\"mat_1 virtual\" style=\"vertical-align: middle;\" colspan=\"1\" rowspan=\"6\">Modelado y<br \/>\nSimulaci\u00f3n<br \/>\n<b>\u00a0<\/b><br \/>\nVirtual<\/td>\n<td rowspan=\"1\"><\/td>\n<td class=\"mat_8\" rowspan=\"6\">Computer<br \/>\nVisi\u00f3n<br \/>\n<b>\u00a0<\/b><br \/>\nAula: Lab. B\u00e1sica<br \/>\nPell.<\/td>\n<\/tr>\n<tr>\n<th><b>20:30\u00a0<\/b><\/th>\n<td rowspan=\"1\"><\/td>\n<\/tr>\n<tr>\n<th><b>\u00a0<\/b><\/th>\n<td rowspan=\"1\"><\/td>\n<td rowspan=\"1\"><\/td>\n<\/tr>\n<tr>\n<th><b>\u00a0<\/b><\/th>\n<td rowspan=\"1\"><\/td>\n<td rowspan=\"1\"><\/td>\n<\/tr>\n<tr>\n<th><b>\u00a0<\/b><\/th>\n<td rowspan=\"1\"><\/td>\n<td rowspan=\"1\"><\/td>\n<\/tr>\n<tr>\n<th><b>\u00a022:00<\/b><\/th>\n<td><b>\u00a0<\/b><\/td>\n<td><\/td>\n<\/tr>\n<tr>\n<th><b>\u00a0<\/b><\/th>\n<td><\/td>\n<td class=\"mat_5 virtual\" colspan=\"1\" rowspan=\"3\">Gesti\u00f3n de<br \/>\nProyectos<br \/>\n<b>\u00a0<\/b><br \/>\nVirtual<\/td>\n<td><\/td>\n<td><\/td>\n<td><\/td>\n<\/tr>\n<tr>\n<th><b>\u00a0<\/b><\/th>\n<td><\/td>\n<td><\/td>\n<td><\/td>\n<td><\/td>\n<\/tr>\n<tr>\n<th>23:00<\/th>\n<td><b>\u00a0<\/b><\/td>\n<td><b>\u00a0<\/b><\/td>\n<td><b>\u00a0<\/b><\/td>\n<td><b>\u00a0<\/b><\/td>\n<\/tr>\n<\/tbody>\n<\/table>\n<p><strong><a href=\"#principio_1\">Volver al principio<\/a><\/strong><\/p>\n","protected":false},"excerpt":{"rendered":"<p>Horarios 1er cuatrimestre &#8211; 2026 Recursado 1er a\u00f1o 1er a\u00f1o comisi\u00f3n 1 1er a\u00f1o comisi\u00f3n 2 1er a\u00f1o comisi\u00f3n 3 Recursado 2do <\/p>\n","protected":false},"author":123457,"featured_media":0,"parent":0,"menu_order":0,"comment_status":"closed","ping_status":"closed","template":"","meta":[],"_links":{"self":[{"href":"https:\/\/www.fceia.unr.edu.ar\/estudiantil\/index.php?rest_route=\/wp\/v2\/pages\/17475"}],"collection":[{"href":"https:\/\/www.fceia.unr.edu.ar\/estudiantil\/index.php?rest_route=\/wp\/v2\/pages"}],"about":[{"href":"https:\/\/www.fceia.unr.edu.ar\/estudiantil\/index.php?rest_route=\/wp\/v2\/types\/page"}],"author":[{"embeddable":true,"href":"https:\/\/www.fceia.unr.edu.ar\/estudiantil\/index.php?rest_route=\/wp\/v2\/users\/123457"}],"replies":[{"embeddable":true,"href":"https:\/\/www.fceia.unr.edu.ar\/estudiantil\/index.php?rest_route=%2Fwp%2Fv2%2Fcomments&post=17475"}],"version-history":[{"count":19,"href":"https:\/\/www.fceia.unr.edu.ar\/estudiantil\/index.php?rest_route=\/wp\/v2\/pages\/17475\/revisions"}],"predecessor-version":[{"id":18013,"href":"https:\/\/www.fceia.unr.edu.ar\/estudiantil\/index.php?rest_route=\/wp\/v2\/pages\/17475\/revisions\/18013"}],"wp:attachment":[{"href":"https:\/\/www.fceia.unr.edu.ar\/estudiantil\/index.php?rest_route=%2Fwp%2Fv2%2Fmedia&parent=17475"}],"curies":[{"name":"wp","href":"https:\/\/api.w.org\/{rel}","templated":true}]}}