{"id":17454,"date":"2026-02-11T21:07:06","date_gmt":"2026-02-11T21:07:06","guid":{"rendered":"https:\/\/www.fceia.unr.edu.ar\/estudiantil\/?page_id=17454"},"modified":"2026-03-13T17:03:08","modified_gmt":"2026-03-13T17:03:08","slug":"horarios-ing-electrica-1er-semestre-2026","status":"publish","type":"page","link":"https:\/\/www.fceia.unr.edu.ar\/estudiantil\/?page_id=17454","title":{"rendered":"Horarios Ing. El\u00e9ctrica &#8211; 1er semestre 2026"},"content":{"rendered":"<h3>Ing. El\u00e9ctrica (3er a\u00f1o &#8211; 5to cuatrimestre) &#8211; 2026<\/h3>\n<table class=\"table1\" border=\"0\">\n<thead>\n<tr>\n<th><b>\u00a0<\/b><\/th>\n<th colspan=\"2\" rowspan=\"1\">Lunes<\/th>\n<th>Martes<\/th>\n<th colspan=\"2\">Mi\u00e9rcoles<\/th>\n<th>Jueves<\/th>\n<th>Viernes<\/th>\n<\/tr>\n<\/thead>\n<tbody>\n<tr>\n<th>9:30<\/th>\n<td><b>\u00a0<\/b><\/td>\n<td><\/td>\n<td><b>\u00a0<\/b><\/td>\n<td class=\"mat_1\" colspan=\"2\" rowspan=\"6\">Matem\u00e1tica<br \/>\nAplicada<br \/>\nPr\u00e1ctica<br \/>\nCom. 110<br \/>\n<b>\u00a0<\/b><br \/>\nAula: 11 Pell.<br \/>\nSemitiel, J.<br \/>\nLondero, C.<br \/>\nLuporini, B.<\/td>\n<td><b>\u00a0<\/b><\/td>\n<td><b>\u00a0<\/b><\/td>\n<\/tr>\n<tr>\n<th><b>\u00a0<\/b><\/th>\n<td><b>\u00a0<\/b><\/td>\n<td><\/td>\n<td><b>\u00a0<\/b><\/td>\n<td><b>\u00a0<\/b><\/td>\n<td><b>\u00a0<\/b><\/td>\n<\/tr>\n<tr>\n<th><b>\u00a0<\/b><\/th>\n<td><b>\u00a0<\/b><\/td>\n<td><\/td>\n<td><b>\u00a0<\/b><\/td>\n<td><b>\u00a0<\/b><\/td>\n<td><b>\u00a0<\/b><\/td>\n<\/tr>\n<tr>\n<th>10:30<\/th>\n<td class=\"mat_1\" rowspan=\"6\">Matem\u00e1tica<br \/>\nAplicada<br \/>\nTeor\u00eda<br \/>\nCom. 110<br \/>\n<b>\u00a0<\/b><br \/>\nAula: 11 Pell.<\/td>\n<td><\/td>\n<td><b>\u00a0<\/b><\/td>\n<td><b>\u00a0<\/b><\/td>\n<td><b>\u00a0<\/b><\/td>\n<\/tr>\n<tr>\n<th><b>\u00a0<\/b><\/th>\n<td><\/td>\n<td><b>\u00a0<\/b><\/td>\n<td><b>\u00a0<\/b><\/td>\n<td><b>\u00a0<\/b><\/td>\n<\/tr>\n<tr>\n<th class=\"fin\"><b>\u00a0 <\/b>12:00<\/th>\n<td><\/td>\n<td><b>\u00a0<\/b><\/td>\n<td><b>\u00a0<\/b><\/td>\n<td><b>\u00a0<\/b><\/td>\n<\/tr>\n<tr>\n<th><b>\u00a0<\/b><\/th>\n<td><\/td>\n<td><b>\u00a0<\/b><\/td>\n<td colspan=\"2\"><\/td>\n<td><b>\u00a0<\/b><\/td>\n<td><b>\u00a0<\/b><\/td>\n<\/tr>\n<tr>\n<th><b>\u00a0<\/b><\/th>\n<td><\/td>\n<td><b>\u00a0<\/b><\/td>\n<td colspan=\"2\"><\/td>\n<td><b>\u00a0<\/b><\/td>\n<td><b>\u00a0<\/b><\/td>\n<\/tr>\n<tr>\n<th>\u00a013:00<\/th>\n<td><\/td>\n<td><b>\u00a0<\/b><\/td>\n<td colspan=\"2\"><\/td>\n<td><b>\u00a0<\/b><\/td>\n<td><b>\u00a0<\/b><\/td>\n<\/tr>\n<tr>\n<th><b>\u00a0<\/b><\/th>\n<td><b>\u00a0<\/b><\/td>\n<td><\/td>\n<td><b>\u00a0<\/b><\/td>\n<td colspan=\"2\"><b>\u00a0<\/b><\/td>\n<td><b>\u00a0<\/b><\/td>\n<td><b>\u00a0<\/b><\/td>\n<\/tr>\n<tr>\n<th>13:45<\/th>\n<td><b>\u00a0<\/b><\/td>\n<td><\/td>\n<td><b>\u00a0<\/b><\/td>\n<td class=\"mat_7\" colspan=\"2\" rowspan=\"7\">Probabilidad<br \/>\ny<br \/>\nEstad\u00edstica<br \/>\nCom.: 110<br \/>\n<b>\u00a0<\/b><br \/>\nAula: 11 Pell.<br \/>\nLeoni, V.<br \/>\nCatalano, M.<\/td>\n<td><b>\u00a0<\/b><\/td>\n<td><b>\u00a0<\/b><\/td>\n<\/tr>\n<tr>\n<th><b>\u00a0<\/b><\/th>\n<td><b>\u00a0<\/b><\/td>\n<td><\/td>\n<td class=\"mat_23\" colspan=\"1\" rowspan=\"12\">Electromagnetismo<br \/>\nAplicado<br \/>\n<b>\u00a0<\/b><br \/>\nAula: 03 CIV &#8211; ECA<br \/>\nCUR<br \/>\nGonzalo Lopez<\/td>\n<td class=\"mat_23\" colspan=\"1\" rowspan=\"12\">Electromagnetismo<br \/>\nAplicado<br \/>\n<b>\u00a0<\/b><br \/>\nAula: 04 CIV &#8211; ECA<br \/>\nCUR<\/td>\n<td><b>\u00a0<\/b><\/td>\n<\/tr>\n<tr>\n<th><b>\u00a0<\/b><\/th>\n<td><b>\u00a0<\/b><\/td>\n<td><\/td>\n<td><b>\u00a0<\/b><\/td>\n<\/tr>\n<tr>\n<th>14:45<\/th>\n<td class=\"mat_7\" rowspan=\"7\">Probabilidad<br \/>\ny<br \/>\nEstad\u00edstica<br \/>\nCom.: 110<br \/>\n<b>\u00a0<\/b><br \/>\nAula: 29 Pell.<\/td>\n<td><\/td>\n<td><b>\u00a0<\/b><\/td>\n<\/tr>\n<tr>\n<th><b>\u00a0<\/b><\/th>\n<td><\/td>\n<td><b>\u00a0<\/b><\/td>\n<\/tr>\n<tr>\n<th><b>\u00a0<\/b><\/th>\n<td><\/td>\n<td><b>\u00a0<\/b><\/td>\n<\/tr>\n<tr>\n<th>15:45<\/th>\n<td><\/td>\n<td><b>\u00a0<\/b><\/td>\n<\/tr>\n<tr>\n<th><b>\u00a0<\/b><\/th>\n<td><\/td>\n<td><b>\u00a0<\/b><\/td>\n<td><b>\u00a0<\/b><\/td>\n<td><b>\u00a0<\/b><\/td>\n<\/tr>\n<tr>\n<th><b>\u00a0<\/b><\/th>\n<td><\/td>\n<td><b>\u00a0<\/b><\/td>\n<td><b>\u00a0<\/b><\/td>\n<td><b>\u00a0<\/b><\/td>\n<\/tr>\n<tr>\n<th><b>16:45\u00a0<\/b><\/th>\n<td><\/td>\n<td><b>\u00a0<\/b><\/td>\n<td><b>\u00a0<\/b><\/td>\n<td><b>\u00a0<\/b><\/td>\n<\/tr>\n<tr>\n<th>\u00a017:00<\/th>\n<td class=\"mat_8\" rowspan=\"10\">Materiales<br \/>\nEl\u00e9ctricos<br \/>\n<b>\u00a0<\/b><br \/>\nAula: 05 Pell.<br \/>\nLambri<br \/>\nZelada<br \/>\nWerber<br \/>\nBonifacich<\/td>\n<td><\/td>\n<td><b>\u00a0<\/b><\/td>\n<td class=\"mat_8\" rowspan=\"10\">Materiales<br \/>\nEl\u00e9ctricos<br \/>\n<b>\u00a0<\/b><br \/>\nAula: 05 Pell.<\/td>\n<td><b>\u00a0<\/b><\/td>\n<\/tr>\n<tr>\n<th><b>\u00a0<\/b><\/th>\n<td><\/td>\n<td><b>\u00a0<\/b><\/td>\n<td><b>\u00a0<\/b><\/td>\n<\/tr>\n<tr>\n<th><b>\u00a017:45<\/b><\/th>\n<td><\/td>\n<td><b>\u00a0<\/b><\/td>\n<td><b>\u00a0<\/b><\/td>\n<\/tr>\n<tr>\n<th><b>\u00a0<\/b><\/th>\n<td><\/td>\n<td><b>\u00a0<\/b><\/td>\n<td><b>\u00a0<\/b><\/td>\n<td><b>\u00a0<\/b><\/td>\n<td><b>\u00a0<\/b><\/td>\n<\/tr>\n<tr>\n<th>18:00<\/th>\n<td><\/td>\n<td><b>\u00a0<\/b><\/td>\n<td><b>\u00a0<\/b><\/td>\n<td class=\"mat_17\" rowspan=\"6\">Econom\u00eda<br \/>\ny<br \/>\nCostos<br \/>\n<b>\u00a0<\/b><br \/>\nAula: 03 CIV &#8211; ECA<br \/>\nCUR<br \/>\nFernando Alonso<\/td>\n<td><b>\u00a0<\/b><\/td>\n<\/tr>\n<tr>\n<th><b>\u00a018:15<\/b><\/th>\n<td class=\"mat_7 virtual\" colspan=\"1\" rowspan=\"6\">Probabilidad<br \/>\ny<br \/>\nEstadistica<br \/>\nCom.: 150<br \/>\n<b>\u00a0<\/b><br \/>\nVirtual<\/td>\n<td><b>\u00a0<\/b><\/td>\n<td><b>\u00a0<\/b><\/td>\n<td><b>\u00a0<\/b><\/td>\n<\/tr>\n<tr>\n<th><b>\u00a0<\/b><\/th>\n<td><b>\u00a0<\/b><\/td>\n<td><b>\u00a0<\/b><\/td>\n<td><b>\u00a0<\/b><\/td>\n<\/tr>\n<tr>\n<th>\u00a019:00<\/th>\n<td><b>\u00a0<\/b><\/td>\n<td class=\"mat_7\" rowspan=\"6\">Probabilidad<br \/>\ny<br \/>\nEstad\u00edstica<br \/>\nCom.: 150<br \/>\n<b>\u00a0<\/b><br \/>\nAula: 01 Pell.<br \/>\nCatalano, M.<br \/>\nFusari, J.<\/td>\n<td><b>\u00a0<\/b><\/td>\n<\/tr>\n<tr>\n<th><b>\u00a0<\/b><\/th>\n<td><b>\u00a0<\/b><\/td>\n<td><b>\u00a0<\/b><\/td>\n<\/tr>\n<tr>\n<th><b>20:00\u00a0<\/b><\/th>\n<td><b>\u00a0<\/b><\/td>\n<td><b>\u00a0<\/b><\/td>\n<\/tr>\n<tr>\n<th><b>20:15<\/b><\/th>\n<td class=\"\" rowspan=\"1\"><\/td>\n<td><b>\u00a0<\/b><\/td>\n<td><b>\u00a0<\/b><\/td>\n<td><b>\u00a0<\/b><\/td>\n<td><b>\u00a0<\/b><\/td>\n<\/tr>\n<tr>\n<th><b>\u00a0<\/b><\/th>\n<td style=\"vertical-align: top;\" rowspan=\"1\"><\/td>\n<td style=\"vertical-align: top;\" rowspan=\"1\"><\/td>\n<td><b>\u00a0<\/b><\/td>\n<td><b>\u00a0<\/b><\/td>\n<td><b>\u00a0<\/b><\/td>\n<td><b>\u00a0<\/b><\/td>\n<\/tr>\n<tr>\n<th>\u00a021:00<\/th>\n<td style=\"vertical-align: top;\" rowspan=\"1\"><\/td>\n<td style=\"vertical-align: top;\"><\/td>\n<td><b>\u00a0<\/b><\/td>\n<td><b>\u00a0<\/b><\/td>\n<td><b>\u00a0<\/b><\/td>\n<td><b>\u00a0<\/b><\/td>\n<\/tr>\n<\/tbody>\n<\/table>\n<h3>Ing. El\u00e9ctrica (4to a\u00f1o &#8211; 7mo cuatrimestre) &#8211; 2026<\/h3>\n<table class=\"table1\" border=\"0\">\n<thead>\n<tr>\n<th><b>\u00a0<\/b><\/th>\n<th>Lunes<\/th>\n<th>Martes<\/th>\n<th colspan=\"2\" rowspan=\"1\">Mi\u00e9rcoles<\/th>\n<th>Jueves<\/th>\n<th>Viernes<\/th>\n<\/tr>\n<\/thead>\n<tbody>\n<tr>\n<th>13:45<\/th>\n<td><b>\u00a0<\/b><\/td>\n<td><b>\u00a0<\/b><\/td>\n<td class=\"mat_9\" colspan=\"2\" rowspan=\"11\">Din\u00e1mica<br \/>\nde<br \/>\nSistemas<br \/>\nF\u00edsicos<br \/>\n<b>\u00a0<\/b><br \/>\nAula: 04 CIV &#8211; ECA<br \/>\nCUR<br \/>\nJunco<\/td>\n<td><b>\u00a0<\/b><\/td>\n<td rowspan=\"1\"><\/td>\n<\/tr>\n<tr>\n<th><b>\u00a0<\/b><\/th>\n<td><b>\u00a0<\/b><\/td>\n<td><b>\u00a0<\/b><\/td>\n<td><b>\u00a0<\/b><\/td>\n<td rowspan=\"1\"><\/td>\n<\/tr>\n<tr>\n<th><b>\u00a0<\/b><\/th>\n<td><b>\u00a0<\/b><\/td>\n<td><b>\u00a0<\/b><\/td>\n<td><b>\u00a0<\/b><\/td>\n<td rowspan=\"1\"><\/td>\n<\/tr>\n<tr>\n<th><b>\u00a0<\/b><\/th>\n<td><b>\u00a0<\/b><\/td>\n<td><b>\u00a0<\/b><\/td>\n<td><b>\u00a0<\/b><\/td>\n<td rowspan=\"1\"><\/td>\n<\/tr>\n<tr>\n<th><b>\u00a0<\/b><\/th>\n<td><b>\u00a0<\/b><\/td>\n<td><b>\u00a0<\/b><\/td>\n<td><b>\u00a0<\/b><\/td>\n<td rowspan=\"1\"><\/td>\n<\/tr>\n<tr>\n<th><b>\u00a0<\/b><\/th>\n<td><b>\u00a0<\/b><\/td>\n<td><b>\u00a0<\/b><\/td>\n<td><b>\u00a0<\/b><\/td>\n<td><\/td>\n<\/tr>\n<tr>\n<th>15:45<\/th>\n<td><b>\u00a0<\/b><\/td>\n<td><b>\u00a0<\/b><\/td>\n<td><b>\u00a0<\/b><\/td>\n<td class=\"mat_3\" rowspan=\"11\">Distribuci\u00f3n<br \/>\nde Energ\u00eda<br \/>\nEl\u00e9ctrica<br \/>\n<b>\u00a0<\/b><br \/>\nAula: E12 ETA<br \/>\nCUR<\/td>\n<\/tr>\n<tr>\n<th><b>\u00a0<\/b><\/th>\n<td><b>\u00a0<\/b><\/td>\n<td><b>\u00a0<\/b><\/td>\n<td><b>\u00a0<\/b><\/td>\n<\/tr>\n<tr>\n<th>16:00<\/th>\n<td class=\"mat_9\" rowspan=\"7\">Din\u00e1mica<br \/>\nde<br \/>\nSistemas<br \/>\nF\u00edsicos<br \/>\n<b>\u00a0<\/b><br \/>\nAula: 04 CIV &#8211; ECA<br \/>\nCUR<\/td>\n<td><b>\u00a0<\/b><\/td>\n<td><b>\u00a0<\/b><\/td>\n<\/tr>\n<tr>\n<th><b>\u00a0<\/b><\/th>\n<td><b>\u00a0<\/b><\/td>\n<td><b>\u00a0<\/b><\/td>\n<\/tr>\n<tr>\n<th><b>17:00\u00a0<\/b><\/th>\n<td><b>\u00a0<\/b><\/td>\n<td><b>\u00a0<\/b><\/td>\n<\/tr>\n<tr>\n<th><b>\u00a0<\/b><\/th>\n<td><b>\u00a0<\/b><\/td>\n<td><b>\u00a0<\/b><\/td>\n<td><\/td>\n<td><b>\u00a0<\/b><\/td>\n<\/tr>\n<tr>\n<th><b>17:30\u00a0<\/b><\/th>\n<td><b>\u00a0<\/b><\/td>\n<td><b>\u00a0<\/b><\/td>\n<td class=\"mat_20\" colspan=\"1\" rowspan=\"7\">Emprendedorismo<br \/>\ny Evaluaci\u00f3n<br \/>\nde Proyectos<br \/>\nde Inversi\u00f3n<br \/>\n<b>\u00a0<\/b><br \/>\nAula: 05 ESC. MEC.<br \/>\nCUR<\/td>\n<td><b>\u00a0<\/b><\/td>\n<\/tr>\n<tr>\n<th><b>\u00a0<\/b><\/th>\n<td><\/td>\n<td><\/td>\n<td><\/td>\n<\/tr>\n<tr>\n<th>18:00<\/th>\n<td><b>\u00a0<\/b><\/td>\n<td><b>\u00a0<\/b><\/td>\n<td><b>\u00a0<\/b><\/td>\n<\/tr>\n<tr>\n<th><b>\u00a0<\/b><\/th>\n<td class=\"mat_15\" rowspan=\"8\">Generaci\u00f3n<br \/>\nde Energ\u00eda<br \/>\nEl\u00e9ctrica<br \/>\n<b>\u00a0<\/b><br \/>\nAula: E11 ETA<br \/>\nCUR<\/td>\n<td class=\"mat_13\" rowspan=\"9\">Automatizaci\u00f3n I<br \/>\n<b>\u00a0<\/b><br \/>\nAula: 13 IMAE<br \/>\nCUR<\/td>\n<td class=\"mat_3\" rowspan=\"9\">Distribuci\u00f3n<br \/>\nde Energ\u00eda<br \/>\nel\u00e9ctrica<br \/>\n<b>\u00a0<\/b><br \/>\nAula: E11 ETA<br \/>\nCUR<\/td>\n<td class=\"mat_13\" rowspan=\"9\">Automatizaci\u00f3n I<br \/>\n<b>\u00a0<\/b><br \/>\nAula: 12 IMAE<br \/>\nCUR<br \/>\nSosa<br \/>\nPatriarca<\/td>\n<\/tr>\n<tr>\n<th>19:00<b><br \/>\n<\/b><\/th>\n<\/tr>\n<tr>\n<th><b>\u00a0<\/b><\/th>\n<td class=\"mat_15\" rowspan=\"7\">Generaci\u00f3n<br \/>\nde Energ\u00eda<br \/>\nEl\u00e9ctrica<br \/>\n<b>\u00a0<\/b><br \/>\nAula: E11 ETA<br \/>\nCUR<\/td>\n<\/tr>\n<tr>\n<th><b>19:30\u00a0<\/b><\/th>\n<\/tr>\n<tr>\n<th><b>\u00a0<\/b><\/th>\n<td><\/td>\n<\/tr>\n<tr>\n<th><b>\u00a0<\/b><\/th>\n<td><\/td>\n<\/tr>\n<tr>\n<th><b>\u00a0<\/b><\/th>\n<td><\/td>\n<\/tr>\n<tr>\n<th>\u00a020:30<\/th>\n<td><\/td>\n<\/tr>\n<tr>\n<th>21:00<\/th>\n<td><b>\u00a0<\/b><\/td>\n<td><\/td>\n<\/tr>\n<\/tbody>\n<\/table>\n<h3>Ing. El\u00e9ctrica (5to a\u00f1o &#8211; 9no cuatrimestre) &#8211; 2026<\/h3>\n<table class=\"table1\" border=\"0\">\n<thead>\n<tr>\n<th><b>\u00a0<\/b><\/th>\n<th>Lunes<\/th>\n<th>Martes<\/th>\n<th>Mi\u00e9rcoles<\/th>\n<th>Jueves<\/th>\n<th>Viernes<\/th>\n<th>S\u00e1bado<\/th>\n<\/tr>\n<\/thead>\n<tbody>\n<tr>\n<th>9:30<\/th>\n<td><b>\u00a0<\/b><\/td>\n<td><b>\u00a0<\/b><\/td>\n<td><b>\u00a0<\/b><\/td>\n<td><b>\u00a0<\/b><\/td>\n<td><b>\u00a0<\/b><\/td>\n<td class=\"mat_12\" rowspan=\"7\">Sistemas<br \/>\nde Potencia<br \/>\n<b>\u00a0<\/b><br \/>\nAula: E10 ETA<br \/>\nCUR<\/td>\n<\/tr>\n<tr>\n<th><b>\u00a0<\/b><\/th>\n<td><b>\u00a0<\/b><\/td>\n<td><b>\u00a0<\/b><\/td>\n<td><b>\u00a0<\/b><\/td>\n<td><b>\u00a0<\/b><\/td>\n<td><b>\u00a0<\/b><\/td>\n<\/tr>\n<tr>\n<th><b>\u00a0<\/b><\/th>\n<td><b>\u00a0<\/b><\/td>\n<td><b>\u00a0<\/b><\/td>\n<td><b>\u00a0<\/b><\/td>\n<td><b>\u00a0<\/b><\/td>\n<td><b>\u00a0<\/b><\/td>\n<\/tr>\n<tr>\n<th><b>\u00a0<\/b><\/th>\n<td><b>\u00a0<\/b><\/td>\n<td><b>\u00a0<\/b><\/td>\n<td><b>\u00a0<\/b><\/td>\n<td><b>\u00a0<\/b><\/td>\n<td><b>\u00a0<\/b><\/td>\n<\/tr>\n<tr>\n<th><b>\u00a0<\/b><\/th>\n<td><b>\u00a0<\/b><\/td>\n<td><b>\u00a0<\/b><\/td>\n<td><b>\u00a0<\/b><\/td>\n<td><b>\u00a0<\/b><\/td>\n<td><b>\u00a0<\/b><\/td>\n<\/tr>\n<tr>\n<th><b>\u00a0<\/b><\/th>\n<td><b>\u00a0<\/b><\/td>\n<td><b>\u00a0<\/b><\/td>\n<td><b>\u00a0<\/b><\/td>\n<td><b>\u00a0<\/b><\/td>\n<td><b>\u00a0<\/b><\/td>\n<\/tr>\n<tr>\n<th>11:30<\/th>\n<td><b>\u00a0<\/b><\/td>\n<td><b>\u00a0<\/b><\/td>\n<td><b>\u00a0<\/b><\/td>\n<td><b>\u00a0<\/b><\/td>\n<td><b>\u00a0<\/b><\/td>\n<\/tr>\n<tr>\n<th><b>\u00a0<\/b><\/th>\n<td><\/td>\n<td><\/td>\n<td><\/td>\n<td><\/td>\n<td><\/td>\n<td><\/td>\n<\/tr>\n<tr>\n<th style=\"vertical-align: top;\">14:00<\/th>\n<td style=\"vertical-align: top;\"><\/td>\n<td style=\"vertical-align: top;\"><\/td>\n<td class=\"mat_5\" style=\"vertical-align: middle;\" colspan=\"1\" rowspan=\"6\">Proyecto<br \/>\nde<br \/>\nIngenier\u00eda<br \/>\n<b>\u00a0<\/b><br \/>\nAula: E08 ETA<br \/>\nCUR<br \/>\nAlonso<\/td>\n<td style=\"vertical-align: top;\"><\/td>\n<td style=\"vertical-align: top;\"><\/td>\n<td style=\"vertical-align: top;\"><\/td>\n<\/tr>\n<tr>\n<th style=\"vertical-align: top;\"><b>\u00a0<\/b><\/th>\n<td style=\"vertical-align: top;\"><\/td>\n<td style=\"vertical-align: top;\"><\/td>\n<td style=\"vertical-align: top;\"><\/td>\n<td style=\"vertical-align: top;\"><\/td>\n<td style=\"vertical-align: top;\"><\/td>\n<\/tr>\n<tr>\n<th style=\"vertical-align: top;\"><b>\u00a0<\/b><\/th>\n<td style=\"vertical-align: top;\"><\/td>\n<td style=\"vertical-align: top;\"><\/td>\n<td style=\"vertical-align: top;\"><\/td>\n<td style=\"vertical-align: top;\"><\/td>\n<td style=\"vertical-align: top;\"><\/td>\n<\/tr>\n<tr>\n<th style=\"vertical-align: top;\"><b>\u00a0<\/b><\/th>\n<td style=\"vertical-align: top;\"><\/td>\n<td style=\"vertical-align: top;\"><\/td>\n<td style=\"vertical-align: top;\"><\/td>\n<td style=\"vertical-align: top;\"><\/td>\n<td style=\"vertical-align: top;\"><\/td>\n<\/tr>\n<tr>\n<th>15:30<\/th>\n<td><\/td>\n<td><\/td>\n<td><\/td>\n<td class=\"mat_12\" colspan=\"1\" rowspan=\"8\">Sistemas<br \/>\nde<br \/>\nPotencia<br \/>\n<b>\u00a0<\/b><br \/>\nAula: E11 ETA<br \/>\nCUR<br \/>\nCano<br \/>\nCassin<\/td>\n<td><\/td>\n<\/tr>\n<tr>\n<th><b>\u00a015:45<\/b><\/th>\n<td><b>\u00a0<\/b><\/td>\n<td><b>\u00a0<\/b><\/td>\n<td><b>\u00a0<\/b><\/td>\n<td><b>\u00a0<\/b><\/td>\n<\/tr>\n<tr>\n<th><b>\u00a0<\/b><\/th>\n<td><b>\u00a0<\/b><\/td>\n<td colspan=\"1\" rowspan=\"1\"><\/td>\n<td><b>\u00a0<\/b><\/td>\n<td><b>\u00a0<\/b><\/td>\n<td><b>\u00a0<\/b><\/td>\n<\/tr>\n<tr>\n<th><b>16:00\u00a0<\/b><\/th>\n<td class=\"mat_12\" colspan=\"1\" rowspan=\"7\">Sistemas<br \/>\ndePotencia<br \/>\n<b>\u00a0<\/b><br \/>\nAula:<b><\/b><b><br \/>\n<\/b><\/td>\n<td style=\"vertical-align: top;\" rowspan=\"1\"><\/td>\n<td><b>\u00a0<\/b><\/td>\n<td><b>\u00a0<\/b><\/td>\n<td><b>\u00a0<\/b><\/td>\n<\/tr>\n<tr>\n<th><b>\u00a0<\/b><\/th>\n<td style=\"vertical-align: top;\" rowspan=\"1\"><\/td>\n<td><b>\u00a0<\/b><\/td>\n<td><b>\u00a0<\/b><\/td>\n<td><b>\u00a0<\/b><\/td>\n<\/tr>\n<tr>\n<th>\u00a016:45<\/th>\n<td class=\"mat_4\" style=\"vertical-align: middle;\" colspan=\"1\" rowspan=\"13\">Accionamientos<br \/>\nEl\u00e9ctricos<br \/>\n<b>\u00a0<\/b><br \/>\nAula: E11 ETA<br \/>\nCUR<br \/>\nFernando Alonso<\/td>\n<td class=\"mat_3\" colspan=\"1\" rowspan=\"7\">Instalaciones<br \/>\nEl\u00e9ctricas II<br \/>\n<b>\u00a0<\/b><br \/>\nAula: E12 ETA<br \/>\nCUR<\/td>\n<td class=\"mat_3\" colspan=\"1\" rowspan=\"7\">Instalaciones<br \/>\nEl\u00e9ctricas II<br \/>\n<b>\u00a0<\/b><br \/>\nAula: E10 ETA<br \/>\nCURFerrandini<\/td>\n<td><b>\u00a0<\/b><\/td>\n<\/tr>\n<tr>\n<th><b>\u00a0<\/b><\/th>\n<td><b>\u00a0<\/b><\/td>\n<\/tr>\n<tr>\n<th><b>\u00a017:30<\/b><\/th>\n<td><b>\u00a0<\/b><\/td>\n<\/tr>\n<tr>\n<th><b>\u00a0<\/b><\/th>\n<td class=\"\" rowspan=\"1\"><\/td>\n<td><b>\u00a0<\/b><\/td>\n<\/tr>\n<tr>\n<th style=\"vertical-align: top;\">18:30<\/th>\n<td style=\"vertical-align: top;\"><\/td>\n<td style=\"vertical-align: top;\"><\/td>\n<\/tr>\n<tr>\n<th><b>\u00a0<\/b><\/th>\n<td style=\"vertical-align: top;\" rowspan=\"1\"><\/td>\n<td style=\"vertical-align: top;\" rowspan=\"1\"><\/td>\n<td><b>\u00a0<\/b><\/td>\n<\/tr>\n<tr>\n<th>\u00a019:00<\/th>\n<td style=\"vertical-align: top;\"><\/td>\n<td style=\"vertical-align: top;\" rowspan=\"1\"><\/td>\n<td><b>\u00a0<\/b><\/td>\n<\/tr>\n<tr>\n<th><b>\u00a0<\/b><\/th>\n<td style=\"vertical-align: top;\" rowspan=\"1\"><\/td>\n<td><b>\u00a0<\/b><\/td>\n<td style=\"vertical-align: top;\" rowspan=\"1\"><\/td>\n<td style=\"vertical-align: top;\" rowspan=\"1\"><\/td>\n<td><b>\u00a0<\/b><\/td>\n<\/tr>\n<tr>\n<th><\/th>\n<td style=\"vertical-align: top;\"><\/td>\n<td><b>\u00a0<\/b><\/td>\n<td><\/td>\n<td><\/td>\n<td><b>\u00a0<\/b><\/td>\n<\/tr>\n<tr>\n<th><b>\u00a0<\/b><\/th>\n<td><b>\u00a0<\/b><\/td>\n<td><b>\u00a0<\/b><\/td>\n<td><b>\u00a0<\/b><\/td>\n<td><b>\u00a0<\/b><\/td>\n<td><b>\u00a0<\/b><\/td>\n<\/tr>\n<tr>\n<th><b>\u00a0<\/b><\/th>\n<td><\/td>\n<td><\/td>\n<td><\/td>\n<td><\/td>\n<td><\/td>\n<\/tr>\n<tr>\n<th style=\"vertical-align: top;\"><b>\u00a0<\/b><\/th>\n<td style=\"vertical-align: top;\"><\/td>\n<td style=\"vertical-align: top;\"><\/td>\n<td style=\"vertical-align: top;\"><\/td>\n<td style=\"vertical-align: top;\"><\/td>\n<td style=\"vertical-align: top;\"><\/td>\n<\/tr>\n<tr>\n<th style=\"vertical-align: top;\">21:45<\/th>\n<td style=\"vertical-align: top;\"><\/td>\n<td style=\"vertical-align: top;\"><\/td>\n<td style=\"vertical-align: top;\"><\/td>\n<td style=\"vertical-align: top;\"><\/td>\n<td style=\"vertical-align: top;\"><\/td>\n<\/tr>\n<\/tbody>\n<\/table>\n<h3>Ing. El\u00e9ctrica Electivas &#8211; 2026<\/h3>\n<table class=\"table1\">\n<colgroup>\n<col \/>\n<col \/>\n<col \/>\n<col \/>\n<col \/>\n<col \/><\/colgroup>\n<thead>\n<tr>\n<th><b>\u00a0<\/b><\/th>\n<th>Lunes<\/th>\n<th>Martes<\/th>\n<th colspan=\"2\" rowspan=\"1\">Mi\u00e9rcoles<\/th>\n<th colspan=\"1\" rowspan=\"1\">Jueves<\/th>\n<th>Viernes<\/th>\n<\/tr>\n<\/thead>\n<tbody>\n<tr>\n<th><b>\u00a0<\/b><\/th>\n<td><b>\u00a0<\/b><\/td>\n<td><b>\u00a0<\/b><\/td>\n<td><b>\u00a0<\/b><\/td>\n<td><\/td>\n<td class=\"mat_10\" colspan=\"1\" rowspan=\"9\">Din\u00e1mica<br \/>\ny Control de<br \/>\nSistemas<br \/>\nMecatr\u00f3nicos<br \/>\n<b>\u00a0<\/b><br \/>\nAula: E14 ETA<br \/>\nCUR<br \/>\n14:00 &#8211; 17:00<br \/>\nJunco, S.<br \/>\nNacusse, M.<\/td>\n<td class=\"mat_10\" colspan=\"1\" rowspan=\"9\"><b>\u00a0<\/b>Din\u00e1mica<br \/>\ny Control de<br \/>\nSistemas<br \/>\nMecatr\u00f3nicos<br \/>\n<b>\u00a0<\/b><br \/>\nAula: E14 ETA<br \/>\nCUR<br \/>\n14:00 &#8211; 17:00<\/td>\n<\/tr>\n<tr>\n<th><b>\u00a0<\/b><\/th>\n<td><b>\u00a0<\/b><\/td>\n<td><b>\u00a0<\/b><\/td>\n<td><b>\u00a0<\/b><\/td>\n<td><\/td>\n<\/tr>\n<tr>\n<th><b>\u00a0<\/b><\/th>\n<td><b>\u00a0<\/b><\/td>\n<td><b>\u00a0<\/b><\/td>\n<td><b>\u00a0<\/b><\/td>\n<td><\/td>\n<\/tr>\n<tr>\n<th><b>\u00a0<\/b><\/th>\n<td><b>\u00a0<\/b><\/td>\n<td><b>\u00a0<\/b><\/td>\n<td><b>\u00a0<\/b><\/td>\n<td><\/td>\n<\/tr>\n<tr>\n<th><b>\u00a0<\/b><\/th>\n<td><b>\u00a0<\/b><\/td>\n<td><b>\u00a0<\/b><\/td>\n<td><b>\u00a0<\/b><\/td>\n<td><\/td>\n<\/tr>\n<tr>\n<th><b>\u00a0<\/b><\/th>\n<td><b>\u00a0<\/b><\/td>\n<td class=\"mat_21\" colspan=\"1\" rowspan=\"6\">Tracci\u00f3n<br \/>\nEl\u00e9ctrica<br \/>\n<b>\u00a0<\/b><br \/>\nAula: E10 ETA<br \/>\nCUR<br \/>\n15:30 &#8211; 17:45<br \/>\nCacchione, R.<\/td>\n<td><b>\u00a0<\/b><\/td>\n<td><\/td>\n<\/tr>\n<tr>\n<th><b>\u00a0<\/b><\/th>\n<td><b>\u00a0<\/b><\/td>\n<td><b>\u00a0<\/b><\/td>\n<td><\/td>\n<\/tr>\n<tr>\n<th><b>\u00a0<\/b><\/th>\n<td><b>\u00a0<\/b><\/td>\n<td><b>\u00a0<\/b><\/td>\n<td><\/td>\n<\/tr>\n<tr>\n<th><b>\u00a0<\/b><\/th>\n<td><b>\u00a0<\/b><\/td>\n<td><b>\u00a0<\/b><\/td>\n<td><\/td>\n<\/tr>\n<tr>\n<th><b>\u00a0<\/b><\/th>\n<td><b>\u00a0<\/b><\/td>\n<td><b>\u00a0<\/b><\/td>\n<td><\/td>\n<td colspan=\"1\" rowspan=\"1\"><b>\u00a0<\/b><\/td>\n<td><b>\u00a0<\/b><\/td>\n<\/tr>\n<tr>\n<th><b>\u00a0<\/b><\/th>\n<td><b>\u00a0<\/b><\/td>\n<td><b>\u00a0<\/b><\/td>\n<td><\/td>\n<td colspan=\"1\" rowspan=\"1\"><b>\u00a0<\/b><\/td>\n<td><b>\u00a0<\/b><\/td>\n<\/tr>\n<tr>\n<th><b>\u00a0<\/b><\/th>\n<td><b>\u00a0<\/b><\/td>\n<td><b>\u00a0<\/b><\/td>\n<td class=\"mat_8\" rowspan=\"6\">Centrales<br \/>\nNucleares I<br \/>\n<b>\u00a0<\/b><br \/>\nAula: REACTOR<br \/>\n18:00 &#8211; 21:00<br \/>\nPeire, O.<\/td>\n<td class=\"mat_25\" colspan=\"1\" rowspan=\"6\">Protecciones<br \/>\nEl\u00e9ctricas<br \/>\n<b>\u00a0<\/b><br \/>\nAula: E14 ETA<br \/>\nCUR<br \/>\n18:30 &#8211; 20:30<br \/>\nPerrone, D.<\/td>\n<td colspan=\"1\" rowspan=\"1\"><b>\u00a0<\/b><b>\u00a0<\/b><b>\u00a0<\/b><\/td>\n<td><b>\u00a0<\/b><\/td>\n<\/tr>\n<tr>\n<th><b>\u00a0<\/b><\/th>\n<td><\/td>\n<td><\/td>\n<td colspan=\"1\" rowspan=\"1\"><\/td>\n<td><\/td>\n<\/tr>\n<tr>\n<th><b>\u00a0<\/b><\/th>\n<td><b>\u00a0<\/b><\/td>\n<td><b>\u00a0<\/b><\/td>\n<td colspan=\"1\" rowspan=\"1\"><b>\u00a0<\/b><b>\u00a0<\/b><b>\u00a0<\/b><\/td>\n<td><b>\u00a0<\/b><\/td>\n<\/tr>\n<tr>\n<th><b>\u00a0<\/b><\/th>\n<td><b>\u00a0<\/b><\/td>\n<td><b>\u00a0<\/b><\/td>\n<td colspan=\"1\" rowspan=\"1\"><b>\u00a0<\/b><b>\u00a0<\/b><b>\u00a0<\/b><\/td>\n<td><b>\u00a0<\/b><\/td>\n<\/tr>\n<tr>\n<th><b>\u00a0<\/b><\/th>\n<td><\/td>\n<td><\/td>\n<td colspan=\"1\" rowspan=\"1\"><\/td>\n<td><\/td>\n<\/tr>\n<tr>\n<th><b>\u00a0<\/b><\/th>\n<td><b>\u00a0<\/b><\/td>\n<td><b>\u00a0<\/b><\/td>\n<td colspan=\"1\" rowspan=\"1\"><b>\u00a0<\/b><b>\u00a0<\/b><b>\u00a0<\/b><\/td>\n<td><b>\u00a0<\/b><\/td>\n<\/tr>\n<\/tbody>\n<\/table>\n","protected":false},"excerpt":{"rendered":"<p>Ing. El\u00e9ctrica (3er a\u00f1o &#8211; 5to cuatrimestre) &#8211; 2026 \u00a0 Lunes Martes Mi\u00e9rcoles Jueves Viernes 9:30 \u00a0 \u00a0 Matem\u00e1tica Aplicada Pr\u00e1ctica Com. <\/p>\n","protected":false},"author":123457,"featured_media":0,"parent":0,"menu_order":0,"comment_status":"closed","ping_status":"closed","template":"","meta":[],"_links":{"self":[{"href":"https:\/\/www.fceia.unr.edu.ar\/estudiantil\/index.php?rest_route=\/wp\/v2\/pages\/17454"}],"collection":[{"href":"https:\/\/www.fceia.unr.edu.ar\/estudiantil\/index.php?rest_route=\/wp\/v2\/pages"}],"about":[{"href":"https:\/\/www.fceia.unr.edu.ar\/estudiantil\/index.php?rest_route=\/wp\/v2\/types\/page"}],"author":[{"embeddable":true,"href":"https:\/\/www.fceia.unr.edu.ar\/estudiantil\/index.php?rest_route=\/wp\/v2\/users\/123457"}],"replies":[{"embeddable":true,"href":"https:\/\/www.fceia.unr.edu.ar\/estudiantil\/index.php?rest_route=%2Fwp%2Fv2%2Fcomments&post=17454"}],"version-history":[{"count":27,"href":"https:\/\/www.fceia.unr.edu.ar\/estudiantil\/index.php?rest_route=\/wp\/v2\/pages\/17454\/revisions"}],"predecessor-version":[{"id":18059,"href":"https:\/\/www.fceia.unr.edu.ar\/estudiantil\/index.php?rest_route=\/wp\/v2\/pages\/17454\/revisions\/18059"}],"wp:attachment":[{"href":"https:\/\/www.fceia.unr.edu.ar\/estudiantil\/index.php?rest_route=%2Fwp%2Fv2%2Fmedia&parent=17454"}],"curies":[{"name":"wp","href":"https:\/\/api.w.org\/{rel}","templated":true}]}}