{"id":17419,"date":"2026-02-11T20:23:39","date_gmt":"2026-02-11T20:23:39","guid":{"rendered":"https:\/\/www.fceia.unr.edu.ar\/estudiantil\/?page_id=17419"},"modified":"2026-03-05T14:15:37","modified_gmt":"2026-03-05T14:15:37","slug":"horarios-algebra-lineal-1er-cuatrimestre-2026","status":"publish","type":"page","link":"https:\/\/www.fceia.unr.edu.ar\/estudiantil\/?page_id=17419","title":{"rendered":"Horarios \u00c1lgebra Lineal &#8211; 1er cuatrimestre 2026"},"content":{"rendered":"<h3>Comisi\u00f3n 110 (Todas las ingenier\u00edas)<\/h3>\n<table class=\"table1\" border=\"0\">\n<thead>\n<tr>\n<th><b>\u00a0<\/b><\/th>\n<th>Lunes<\/th>\n<th>Martes<\/th>\n<th>Mi\u00e9rcoles<\/th>\n<th>Jueves<\/th>\n<th>Viernes<\/th>\n<\/tr>\n<\/thead>\n<tbody>\n<tr>\n<th>7:30<\/th>\n<td><\/td>\n<td class=\"\" rowspan=\"1\"><\/td>\n<td><\/td>\n<td><\/td>\n<td class=\"mat_2\" rowspan=\"6\">\u00c1lgebra<br \/>\nLineal<br \/>\n<b>\u00a0<\/b><br \/>\nAula: 31 Pell.<\/td>\n<\/tr>\n<tr>\n<th><b>\u00a0<\/b><\/th>\n<td><\/td>\n<td style=\"vertical-align: top;\" rowspan=\"1\"><\/td>\n<td><\/td>\n<td><\/td>\n<\/tr>\n<tr>\n<th><b>\u00a0<\/b><\/th>\n<td><\/td>\n<td style=\"vertical-align: top;\" rowspan=\"1\"><\/td>\n<td><\/td>\n<td><\/td>\n<\/tr>\n<tr>\n<th><b>\u00a0<\/b><\/th>\n<td><\/td>\n<td style=\"vertical-align: top;\" rowspan=\"1\"><\/td>\n<td><\/td>\n<td><\/td>\n<\/tr>\n<tr>\n<th><b>\u00a0<\/b><\/th>\n<td><\/td>\n<td style=\"vertical-align: top;\" rowspan=\"1\"><\/td>\n<td><\/td>\n<td><\/td>\n<\/tr>\n<tr>\n<th class=\"fin\">9:30<\/th>\n<td><\/td>\n<td style=\"vertical-align: top;\"><\/td>\n<td><\/td>\n<td><\/td>\n<\/tr>\n<tr>\n<th><b>\u00a0<\/b><\/th>\n<td><\/td>\n<td class=\"mat_2\" colspan=\"1\" rowspan=\"6\">\u00c1lgebra<br \/>\nLineal<br \/>\n<b>\u00a0<\/b><b>\u00a0<\/b><br \/>\nAula: 02 Pell.<br \/>\nPonzellini, L.<br \/>\nGarc\u00eda, V.<br \/>\nNiklison, P.<\/td>\n<td><\/td>\n<td class=\"mat_2\" rowspan=\"6\">\u00c1lgebra<br \/>\nLineal<br \/>\n<b>\u00a0<\/b><br \/>\nAula: 02 Pell.<\/td>\n<td><\/td>\n<\/tr>\n<tr>\n<th><b>\u00a0<\/b><\/th>\n<td><\/td>\n<td><\/td>\n<td><\/td>\n<\/tr>\n<tr>\n<th><b>\u00a0<\/b><\/th>\n<td><\/td>\n<td><\/td>\n<td><\/td>\n<\/tr>\n<tr>\n<th><b>\u00a0<\/b><\/th>\n<td><\/td>\n<td><\/td>\n<td><\/td>\n<\/tr>\n<tr>\n<th><b>\u00a0<\/b><\/th>\n<td><\/td>\n<td><\/td>\n<td><\/td>\n<\/tr>\n<tr>\n<th>11:30<\/th>\n<td><\/td>\n<td><\/td>\n<td><\/td>\n<\/tr>\n<\/tbody>\n<\/table>\n<h3>Comisi\u00f3n 120 (Todas las ingenier\u00edas)<\/h3>\n<table class=\"table1\" border=\"0\">\n<thead>\n<tr>\n<th><b>\u00a0<\/b><\/th>\n<th>Lunes<\/th>\n<th>Martes<\/th>\n<th>Mi\u00e9rcoles<\/th>\n<th>Jueves<\/th>\n<th>Viernes<\/th>\n<\/tr>\n<\/thead>\n<tbody>\n<tr>\n<th>7:30<\/th>\n<td><\/td>\n<td class=\"mat_2\" colspan=\"1\" rowspan=\"6\">\u00c1lgebra<br \/>\nLineal<br \/>\n<b>\u00a0<\/b><br \/>\nAula: 13 Pell.<br \/>\nUgarte, M.<br \/>\nGiulietti, R.<br \/>\nStrubbia, R.<\/td>\n<td><\/td>\n<td class=\"\" rowspan=\"1\"><\/td>\n<td class=\"mat_2\" colspan=\"1\" rowspan=\"6\">\u00c1lgebra<br \/>\nLineal<br \/>\n<b>\u00a0<\/b><br \/>\nAula: 17 pell.<\/td>\n<\/tr>\n<tr>\n<th><b>\u00a0<\/b><\/th>\n<td><\/td>\n<td><\/td>\n<td style=\"vertical-align: top;\" rowspan=\"1\"><\/td>\n<\/tr>\n<tr>\n<th><b>\u00a0<\/b><\/th>\n<td><\/td>\n<td><\/td>\n<td style=\"vertical-align: top;\" rowspan=\"1\"><\/td>\n<\/tr>\n<tr>\n<th><b>\u00a0<\/b><\/th>\n<td><\/td>\n<td colspan=\"1\" rowspan=\"1\"><\/td>\n<td style=\"vertical-align: top;\" rowspan=\"1\"><\/td>\n<\/tr>\n<tr>\n<th><b>\u00a0<\/b><\/th>\n<td><\/td>\n<td style=\"vertical-align: top;\" rowspan=\"1\"><\/td>\n<td style=\"vertical-align: top;\" rowspan=\"1\"><\/td>\n<\/tr>\n<tr>\n<th>9:30<\/th>\n<td><\/td>\n<td style=\"vertical-align: top;\" rowspan=\"1\"><\/td>\n<td style=\"vertical-align: top;\"><\/td>\n<\/tr>\n<tr>\n<th><b>\u00a0<\/b><\/th>\n<td><\/td>\n<td><\/td>\n<td style=\"vertical-align: top;\" rowspan=\"1\"><\/td>\n<td><\/td>\n<td><\/td>\n<\/tr>\n<tr>\n<th><b>\u00a0<\/b><\/th>\n<td><b>\u00a0<\/b><\/td>\n<td><b>\u00a0<\/b><\/td>\n<td style=\"vertical-align: top;\" rowspan=\"1\"><\/td>\n<td><b>\u00a0<\/b><\/td>\n<td><b>\u00a0<\/b><\/td>\n<\/tr>\n<tr>\n<th class=\"ini\">10:30<\/th>\n<td><b>\u00a0<\/b><\/td>\n<td><\/td>\n<td class=\"mat_2\" style=\"vertical-align: middle;\" colspan=\"1\" rowspan=\"6\"><b>\u00a0<\/b>\u00c1lgebra<br \/>\nLineal<br \/>\n<b>\u00a0<\/b><br \/>\nAula: 17 Pell.<\/td>\n<td><\/td>\n<td><\/td>\n<\/tr>\n<tr>\n<th><b>\u00a0<\/b><\/th>\n<td><b>\u00a0<\/b><\/td>\n<td><\/td>\n<td><\/td>\n<td><\/td>\n<\/tr>\n<tr>\n<th class=\"fin\"><\/th>\n<td class=\"\" colspan=\"1\" rowspan=\"1\"><b>\u00a0<\/b><\/td>\n<td><\/td>\n<td><\/td>\n<td><\/td>\n<\/tr>\n<tr>\n<th><b>\u00a0<\/b><\/th>\n<td style=\"vertical-align: top;\" rowspan=\"1\"><\/td>\n<td><\/td>\n<td><\/td>\n<td><\/td>\n<\/tr>\n<tr>\n<th class=\"fin\"><b>\u00a0<\/b><\/th>\n<td style=\"vertical-align: top;\" rowspan=\"1\"><\/td>\n<td><\/td>\n<td><\/td>\n<td><\/td>\n<\/tr>\n<tr>\n<th><b>12:30\u00a0<\/b><\/th>\n<td style=\"vertical-align: top;\" rowspan=\"1\"><\/td>\n<td><b>\u00a0<\/b><\/td>\n<td><b>\u00a0<\/b><\/td>\n<td><b>\u00a0<\/b><\/td>\n<\/tr>\n<\/tbody>\n<\/table>\n<h3>Comisi\u00f3n 121 (Todas las ingenier\u00edas)<\/h3>\n<table class=\"table1\" border=\"0\">\n<thead>\n<tr>\n<th><b>\u00a0<\/b><\/th>\n<th>Lunes<\/th>\n<th>Martes<\/th>\n<th>Mi\u00e9rcoles<\/th>\n<th>Jueves<\/th>\n<th>Viernes<\/th>\n<\/tr>\n<\/thead>\n<tbody>\n<tr>\n<th class=\"fin\">9:30<\/th>\n<td><\/td>\n<td><\/td>\n<td><\/td>\n<td><\/td>\n<td class=\"mat_2\" rowspan=\"6\">\u00c1lgebra<br \/>\nLineal<br \/>\n<b>\u00a0<\/b><br \/>\nAula: 24 Pell.<\/td>\n<\/tr>\n<tr>\n<th><b>\u00a0<\/b><\/th>\n<td><\/td>\n<td><\/td>\n<td><\/td>\n<td><\/td>\n<\/tr>\n<tr>\n<th><b>\u00a0<\/b><\/th>\n<td><\/td>\n<td><\/td>\n<td><\/td>\n<td><\/td>\n<\/tr>\n<tr>\n<th>10:30<\/th>\n<td><\/td>\n<td class=\"mat_2\" rowspan=\"6\">\u00c1lgebra<br \/>\nLineal<br \/>\n<b>\u00a0<\/b><br \/>\nAula: 01 Pell.<br \/>\nDel Sastre, M.<br \/>\nD&#8217;Agostini, V.<br \/>\nNiklison, P.<\/td>\n<td class=\"mat_2\" rowspan=\"6\">\u00c1lgebra<br \/>\nLineal<br \/>\n<b>\u00a0<\/b><br \/>\nAula: 01 Pell.<\/td>\n<td><\/td>\n<\/tr>\n<tr>\n<th><b>\u00a0<\/b><\/th>\n<td><\/td>\n<td><\/td>\n<\/tr>\n<tr>\n<th>\u00a011:30<\/th>\n<td><\/td>\n<td><\/td>\n<\/tr>\n<tr>\n<th><b>\u00a0<\/b><\/th>\n<td><\/td>\n<td><\/td>\n<td><\/td>\n<\/tr>\n<tr>\n<th><b>\u00a0<\/b><\/th>\n<td><\/td>\n<td><\/td>\n<td><\/td>\n<\/tr>\n<tr>\n<th>12:30<\/th>\n<td><\/td>\n<td><\/td>\n<td><\/td>\n<\/tr>\n<\/tbody>\n<\/table>\n<h3>Comisi\u00f3n 130 (Todas las ingenier\u00edas)<\/h3>\n<table class=\"table1\" border=\"0\">\n<thead>\n<tr>\n<th><b>\u00a0<\/b><\/th>\n<th>Lunes<\/th>\n<th>Martes<\/th>\n<th>Mi\u00e9rcoles<\/th>\n<th>Jueves<\/th>\n<th>Viernes<\/th>\n<\/tr>\n<\/thead>\n<tbody>\n<tr>\n<th>12:45<\/th>\n<td><\/td>\n<td class=\"mat_2\" rowspan=\"6\">\u00c1lgebra<br \/>\nLineal<br \/>\n<b>\u00a0<\/b><br \/>\nAula: 28 Pell.<br \/>\nCianciardo, C.<br \/>\nD&#8217;Agostina, V.<br \/>\nL\u00f3pez, Y.<\/td>\n<td><\/td>\n<td><\/td>\n<td class=\"mat_2\" rowspan=\"6\">\u00c1lgebra<br \/>\nLineal<br \/>\n<b>\u00a0<\/b><br \/>\nAula: 27 Pell.<\/td>\n<\/tr>\n<tr>\n<th><b>\u00a0<\/b><\/th>\n<td><\/td>\n<td><\/td>\n<td><\/td>\n<\/tr>\n<tr>\n<th><b>\u00a0<\/b><\/th>\n<td><\/td>\n<td><\/td>\n<td><\/td>\n<\/tr>\n<tr>\n<th><b>\u00a0<\/b><\/th>\n<td><\/td>\n<td><\/td>\n<td><\/td>\n<\/tr>\n<tr>\n<th class=\"ini\"><b>\u00a0<\/b><\/th>\n<td><\/td>\n<td><\/td>\n<td><\/td>\n<\/tr>\n<tr>\n<th>14:45<b><br \/>\n<\/b><\/th>\n<td><\/td>\n<td><\/td>\n<td><\/td>\n<\/tr>\n<tr>\n<th class=\"fin\"><b>\u00a0<\/b><\/th>\n<td><\/td>\n<td><\/td>\n<td><\/td>\n<td rowspan=\"1\"><\/td>\n<td><\/td>\n<\/tr>\n<tr>\n<th><b>\u00a0<\/b><\/th>\n<td><\/td>\n<td><\/td>\n<td><\/td>\n<td style=\"vertical-align: top;\" rowspan=\"1\"><\/td>\n<td><\/td>\n<\/tr>\n<tr>\n<th class=\"fin\"><b>\u00a0<\/b><\/th>\n<td><\/td>\n<td><\/td>\n<td><\/td>\n<td style=\"vertical-align: top;\" rowspan=\"1\"><\/td>\n<td><\/td>\n<\/tr>\n<tr>\n<th><b>\u00a015:45<\/b><\/th>\n<td><b>\u00a0<\/b><\/td>\n<td><\/td>\n<td class=\"mat_2\" colspan=\"1\" rowspan=\"6\">\u00c1lgebra<br \/>\nLineal<br \/>\n<b>\u00a0<\/b><br \/>\nAula: 13 Pell.<\/td>\n<td style=\"vertical-align: top;\" rowspan=\"1\"><\/td>\n<td><\/td>\n<\/tr>\n<tr>\n<th><b>\u00a0<\/b><\/th>\n<td><b>\u00a0<\/b><\/td>\n<td><\/td>\n<td style=\"vertical-align: top;\" rowspan=\"1\"><\/td>\n<td><\/td>\n<\/tr>\n<tr>\n<th class=\"fin\"><b>\u00a0<\/b><\/th>\n<td><b>\u00a0<\/b><\/td>\n<td><\/td>\n<td style=\"vertical-align: top;\"><\/td>\n<td><\/td>\n<\/tr>\n<tr>\n<th style=\"vertical-align: top;\"><b>\u00a0<\/b><\/th>\n<td style=\"vertical-align: top;\"><\/td>\n<td style=\"vertical-align: top;\"><\/td>\n<td style=\"vertical-align: top;\"><\/td>\n<td style=\"vertical-align: top;\"><\/td>\n<\/tr>\n<tr>\n<th style=\"vertical-align: top;\"><b>\u00a0<\/b><\/th>\n<td style=\"vertical-align: top;\"><\/td>\n<td style=\"vertical-align: top;\"><\/td>\n<td style=\"vertical-align: top;\"><\/td>\n<td style=\"vertical-align: top;\"><\/td>\n<\/tr>\n<tr>\n<th style=\"vertical-align: top;\">17:45<\/th>\n<td style=\"vertical-align: top;\"><\/td>\n<td style=\"vertical-align: top;\"><\/td>\n<td style=\"vertical-align: top;\"><\/td>\n<td style=\"vertical-align: top;\"><\/td>\n<\/tr>\n<\/tbody>\n<\/table>\n<h3>Comisi\u00f3n 140 (Todas las ingenier\u00edas)<\/h3>\n<table class=\"table1\" border=\"0\">\n<thead>\n<tr>\n<th><b>\u00a0<\/b><\/th>\n<th>Lunes<\/th>\n<th>Martes<\/th>\n<th>Mi\u00e9rcoles<\/th>\n<th>Jueves<\/th>\n<th>Viernes<\/th>\n<\/tr>\n<\/thead>\n<tbody>\n<tr>\n<th>12:45<\/th>\n<td><\/td>\n<td><\/td>\n<td class=\"mat_2\" rowspan=\"6\">\u00c1lgebra<br \/>\nLineal<br \/>\n<b>\u00a0<\/b><br \/>\nAula: 27 Pell.<br \/>\nPonzellini, L.<br \/>\nZelaya, C.<br \/>\nTowsend, D.<\/td>\n<td class=\"\" rowspan=\"1\"><\/td>\n<td class=\"mat_2\" colspan=\"1\" rowspan=\"6\">\u00c1lgebra<br \/>\nLineal<br \/>\n<b>\u00a0<\/b><br \/>\nAula: 24 Pell.<\/td>\n<\/tr>\n<tr>\n<th><b>\u00a0<\/b><\/th>\n<td><\/td>\n<td><\/td>\n<td style=\"vertical-align: top;\" rowspan=\"1\"><\/td>\n<\/tr>\n<tr>\n<th><b>\u00a0<\/b><\/th>\n<td><\/td>\n<td><\/td>\n<td style=\"vertical-align: top;\" rowspan=\"1\"><\/td>\n<\/tr>\n<tr>\n<th>13:45<\/th>\n<td><\/td>\n<td class=\"mat_2\" rowspan=\"6\">\u00c1lgebra<br \/>\nLineal<br \/>\n<b>\u00a0<\/b><br \/>\nAula: 27 Pell.<\/td>\n<td style=\"vertical-align: top;\" rowspan=\"1\"><\/td>\n<\/tr>\n<tr>\n<th><b>\u00a0<\/b><\/th>\n<td><\/td>\n<td style=\"vertical-align: top;\" rowspan=\"1\"><\/td>\n<\/tr>\n<tr>\n<th>14:45<\/th>\n<td><\/td>\n<td style=\"vertical-align: top;\"><\/td>\n<\/tr>\n<tr>\n<th><b>\u00a0<\/b><\/th>\n<td><\/td>\n<td><\/td>\n<td><\/td>\n<td><\/td>\n<\/tr>\n<tr>\n<th class=\"ini\"><b>\u00a0<\/b><\/th>\n<td><\/td>\n<td><\/td>\n<td><\/td>\n<td><\/td>\n<\/tr>\n<tr>\n<th>15:45<\/th>\n<td><\/td>\n<td><\/td>\n<td><\/td>\n<td><\/td>\n<\/tr>\n<\/tbody>\n<\/table>\n<h3>Comisi\u00f3n 150 (Todas las ingenier\u00edas)<\/h3>\n<table class=\"table1\" border=\"0\">\n<thead>\n<tr>\n<th><b>\u00a0<\/b><\/th>\n<th>Lunes<\/th>\n<th>Martes<\/th>\n<th>Mi\u00e9rcoles<\/th>\n<th>Jueves<\/th>\n<th>Viernes<\/th>\n<\/tr>\n<\/thead>\n<tbody>\n<tr>\n<th><b>\u00a018:00<\/b><\/th>\n<td><\/td>\n<td><\/td>\n<td class=\"mat_2\" style=\"vertical-align: middle;\" colspan=\"1\" rowspan=\"7\">\u00c1lgebra<br \/>\nLineal<br \/>\n<b>\u00a0<\/b><br \/>\nAula: 13 Pell.<br \/>\nWalpen, J.<br \/>\nJusto, F.<br \/>\nVenturato, L.<\/td>\n<td><\/td>\n<td><b>\u00a0<\/b><\/td>\n<\/tr>\n<tr>\n<th><\/th>\n<td><\/td>\n<td><\/td>\n<td><\/td>\n<td><b>\u00a0<\/b><\/td>\n<\/tr>\n<tr>\n<th><b>\u00a0<\/b><\/th>\n<td><\/td>\n<td><\/td>\n<td><\/td>\n<td><b>\u00a0<\/b><\/td>\n<\/tr>\n<tr>\n<th>19:00<\/th>\n<td><\/td>\n<td><\/td>\n<td><\/td>\n<td class=\"mat_2\" rowspan=\"7\">\u00c1lgebra<br \/>\nLineal<br \/>\n<b>\u00a0<\/b><br \/>\nAula: 31 Pell.<\/td>\n<\/tr>\n<tr>\n<th class=\"ini\"><b>\u00a0<\/b><\/th>\n<td><\/td>\n<td><\/td>\n<td><\/td>\n<\/tr>\n<tr>\n<th><b>\u00a0<\/b><\/th>\n<td><\/td>\n<td><\/td>\n<td><\/td>\n<\/tr>\n<tr>\n<th class=\"fin\"><b>\u00a021:00 <\/b><\/th>\n<td><\/td>\n<td><\/td>\n<td><\/td>\n<\/tr>\n<tr>\n<th><b>\u00a0<\/b><\/th>\n<td><b>\u00a0<\/b><\/td>\n<td><b>\u00a0<\/b><\/td>\n<td><b>\u00a0<\/b><\/td>\n<td><b>\u00a0<\/b><\/td>\n<\/tr>\n<tr>\n<th><b>\u00a0<\/b><\/th>\n<td><b>\u00a0<\/b><\/td>\n<td><b>\u00a0<\/b><\/td>\n<td><b>\u00a0<\/b><\/td>\n<td><b>\u00a0<\/b><\/td>\n<\/tr>\n<tr>\n<th>22:00<b>\u00a0<\/b><\/th>\n<td><b>\u00a0<\/b><\/td>\n<td><b>\u00a0<\/b><\/td>\n<td><b>\u00a0<\/b><\/td>\n<td><b>\u00a0<\/b><\/td>\n<\/tr>\n<\/tbody>\n<\/table>\n","protected":false},"excerpt":{"rendered":"<p>Comisi\u00f3n 110 (Todas las ingenier\u00edas) \u00a0 Lunes Martes Mi\u00e9rcoles Jueves Viernes 7:30 \u00c1lgebra Lineal \u00a0 Aula: 31 Pell. \u00a0 \u00a0 \u00a0 \u00a0 <\/p>\n","protected":false},"author":123457,"featured_media":0,"parent":0,"menu_order":0,"comment_status":"closed","ping_status":"closed","template":"","meta":[],"_links":{"self":[{"href":"https:\/\/www.fceia.unr.edu.ar\/estudiantil\/index.php?rest_route=\/wp\/v2\/pages\/17419"}],"collection":[{"href":"https:\/\/www.fceia.unr.edu.ar\/estudiantil\/index.php?rest_route=\/wp\/v2\/pages"}],"about":[{"href":"https:\/\/www.fceia.unr.edu.ar\/estudiantil\/index.php?rest_route=\/wp\/v2\/types\/page"}],"author":[{"embeddable":true,"href":"https:\/\/www.fceia.unr.edu.ar\/estudiantil\/index.php?rest_route=\/wp\/v2\/users\/123457"}],"replies":[{"embeddable":true,"href":"https:\/\/www.fceia.unr.edu.ar\/estudiantil\/index.php?rest_route=%2Fwp%2Fv2%2Fcomments&post=17419"}],"version-history":[{"count":15,"href":"https:\/\/www.fceia.unr.edu.ar\/estudiantil\/index.php?rest_route=\/wp\/v2\/pages\/17419\/revisions"}],"predecessor-version":[{"id":18001,"href":"https:\/\/www.fceia.unr.edu.ar\/estudiantil\/index.php?rest_route=\/wp\/v2\/pages\/17419\/revisions\/18001"}],"wp:attachment":[{"href":"https:\/\/www.fceia.unr.edu.ar\/estudiantil\/index.php?rest_route=%2Fwp%2Fv2%2Fmedia&parent=17419"}],"curies":[{"name":"wp","href":"https:\/\/api.w.org\/{rel}","templated":true}]}}